{"id":977,"date":"2025-09-12T12:03:21","date_gmt":"2025-09-12T10:03:21","guid":{"rendered":"https:\/\/www.sachsen.schule\/~gsg\/?page_id=977"},"modified":"2025-09-16T10:16:29","modified_gmt":"2025-09-16T08:16:29","slug":"wochenangebote","status":"publish","type":"page","link":"https:\/\/www.sachsen.schule\/~gsg\/wochenangebote\/","title":{"rendered":"Wochenangebote"},"content":{"rendered":"\t\t<div data-elementor-type=\"wp-page\" data-elementor-id=\"977\" class=\"elementor elementor-977\">\n\t\t\t\t\t\t<section class=\"elementor-section elementor-top-section elementor-element elementor-element-13c4766a elementor-section-boxed elementor-section-height-default elementor-section-height-default elementor-invisible\" data-id=\"13c4766a\" data-element_type=\"section\" data-settings=\"{&quot;background_background&quot;:&quot;classic&quot;,&quot;animation&quot;:&quot;fadeInUp&quot;}\">\n\t\t\t\t\t\t\t<div class=\"elementor-background-overlay\"><\/div>\n\t\t\t\t\t\t\t<div class=\"elementor-container elementor-column-gap-default\">\n\t\t\t\t\t<div class=\"elementor-column elementor-col-100 elementor-top-column elementor-element elementor-element-35b6702c\" data-id=\"35b6702c\" data-element_type=\"column\">\n\t\t\t<div class=\"elementor-widget-wrap elementor-element-populated\">\n\t\t\t\t\t\t<div class=\"elementor-element elementor-element-6933163e elementor-widget elementor-widget-heading\" data-id=\"6933163e\" data-element_type=\"widget\" data-widget_type=\"heading.default\">\n\t\t\t\t<div class=\"elementor-widget-container\">\n\t\t\t\t\t<h1 class=\"elementor-heading-title elementor-size-default\">Wochenangebote<\/h1>\t\t\t\t<\/div>\n\t\t\t\t<\/div>\n\t\t\t\t\t<\/div>\n\t\t<\/div>\n\t\t\t\t\t<\/div>\n\t\t<\/section>\n\t\t\t\t<section class=\"elementor-section elementor-top-section elementor-element elementor-element-658427b9 elementor-section-boxed elementor-section-height-default elementor-section-height-default\" data-id=\"658427b9\" data-element_type=\"section\">\n\t\t\t\t\t\t<div class=\"elementor-container elementor-column-gap-default\">\n\t\t\t\t\t<div class=\"elementor-column elementor-col-100 elementor-top-column elementor-element elementor-element-302420de\" data-id=\"302420de\" data-element_type=\"column\">\n\t\t\t<div class=\"elementor-widget-wrap elementor-element-populated\">\n\t\t\t\t\t\t<div class=\"elementor-element elementor-element-b71a1e9 elementor-widget elementor-widget-image\" data-id=\"b71a1e9\" data-element_type=\"widget\" data-widget_type=\"image.default\">\n\t\t\t\t<div class=\"elementor-widget-container\">\n\t\t\t\t\t\t\t\t\t\t\t\t\t\t\t\t<a href=\"https:\/\/www.sachsen.schule\/~gsg\/wp-content\/uploads\/2025\/09\/Hortangebote-2526.pdf\">\n\t\t\t\t\t\t\t<img fetchpriority=\"high\" decoding=\"async\" width=\"800\" height=\"562\" src=\"https:\/\/www.sachsen.schule\/~gsg\/wp-content\/uploads\/2025\/09\/Hortangebote2526-1024x719.png\" class=\"attachment-large size-large wp-image-1080\" alt=\"\" srcset=\"https:\/\/www.sachsen.schule\/~gsg\/wp-content\/uploads\/2025\/09\/Hortangebote2526-1024x719.png 1024w, https:\/\/www.sachsen.schule\/~gsg\/wp-content\/uploads\/2025\/09\/Hortangebote2526-300x211.png 300w, https:\/\/www.sachsen.schule\/~gsg\/wp-content\/uploads\/2025\/09\/Hortangebote2526-768x539.png 768w, https:\/\/www.sachsen.schule\/~gsg\/wp-content\/uploads\/2025\/09\/Hortangebote2526-1536x1079.png 1536w, https:\/\/www.sachsen.schule\/~gsg\/wp-content\/uploads\/2025\/09\/Hortangebote2526-2048x1438.png 2048w\" sizes=\"(max-width: 800px) 100vw, 800px\" \/>\t\t\t\t\t\t\t\t<\/a>\n\t\t\t\t\t\t\t\t\t\t\t\t\t\t\t<\/div>\n\t\t\t\t<\/div>\n\t\t\t\t<div class=\"elementor-element elementor-element-169c084a elementor-widget__width-auto elementor-absolute elementor-hidden-mobile elementor-invisible elementor-widget elementor-widget-image\" data-id=\"169c084a\" data-element_type=\"widget\" data-settings=\"{&quot;_position&quot;:&quot;absolute&quot;,&quot;_animation&quot;:&quot;zoomIn&quot;}\" data-widget_type=\"image.default\">\n\t\t\t\t<div class=\"elementor-widget-container\">\n\t\t\t\t\t\t\t\t\t\t\t\t\t\t\t<img decoding=\"async\" width=\"190\" height=\"112\" src=\"https:\/\/www.sachsen.schule\/~gsg\/wp-content\/uploads\/2025\/06\/particles-7.webp\" class=\"attachment-full size-full wp-image-382\" alt=\"\" \/>\t\t\t\t\t\t\t\t\t\t\t\t\t\t\t<\/div>\n\t\t\t\t<\/div>\n\t\t\t\t<div class=\"elementor-element elementor-element-403407c1 elementor-widget__width-auto elementor-absolute elementor-invisible elementor-widget elementor-widget-image\" data-id=\"403407c1\" data-element_type=\"widget\" data-settings=\"{&quot;_position&quot;:&quot;absolute&quot;,&quot;_animation&quot;:&quot;rotateIn&quot;}\" data-widget_type=\"image.default\">\n\t\t\t\t<div class=\"elementor-widget-container\">\n\t\t\t\t\t\t\t\t\t\t\t\t\t\t\t<img decoding=\"async\" width=\"39\" height=\"39\" src=\"https:\/\/www.sachsen.schule\/~gsg\/wp-content\/uploads\/2025\/06\/particles-6.webp\" class=\"attachment-full size-full wp-image-381\" alt=\"\" \/>\t\t\t\t\t\t\t\t\t\t\t\t\t\t\t<\/div>\n\t\t\t\t<\/div>\n\t\t\t\t\t<\/div>\n\t\t<\/div>\n\t\t\t\t\t<\/div>\n\t\t<\/section>\n\t\t\t\t<section class=\"elementor-section elementor-top-section elementor-element elementor-element-e950552 elementor-section-boxed elementor-section-height-default elementor-section-height-default\" data-id=\"e950552\" data-element_type=\"section\">\n\t\t\t\t\t\t<div class=\"elementor-container elementor-column-gap-default\">\n\t\t\t\t\t<div class=\"elementor-column elementor-col-100 elementor-top-column elementor-element elementor-element-a4e7d0e\" data-id=\"a4e7d0e\" data-element_type=\"column\">\n\t\t\t<div class=\"elementor-widget-wrap elementor-element-populated\">\n\t\t\t\t\t\t<div class=\"elementor-element elementor-element-adb0f43 elementor-invisible elementor-widget elementor-widget-heading\" data-id=\"adb0f43\" data-element_type=\"widget\" data-settings=\"{&quot;_animation&quot;:&quot;fadeInDown&quot;}\" data-widget_type=\"heading.default\">\n\t\t\t\t<div class=\"elementor-widget-container\">\n\t\t\t\t\t<h2 class=\"elementor-heading-title elementor-size-default\">Allgemeine Infos zu unseren Angeboten<\/h2>\t\t\t\t<\/div>\n\t\t\t\t<\/div>\n\t\t\t\t<div class=\"elementor-element elementor-element-94e7925 elementor-invisible elementor-widget elementor-widget-text-editor\" data-id=\"94e7925\" data-element_type=\"widget\" data-settings=\"{&quot;_animation&quot;:&quot;fadeInUp&quot;}\" data-widget_type=\"text-editor.default\">\n\t\t\t\t<div class=\"elementor-widget-container\">\n\t\t\t\t\t\t\t\t\t<p class=\"p1\">Du kannst alle Angebote besuchen aber es gibt ein paar Besonderheiten. Bist du neugierig?<\/p><p class=\"p1\">Es gibt <strong>offene<\/strong> Angebote, die du besuchen kannst. Du entscheidest ob du die ganze Zeit dabei bleibst. Das hei\u00dft, du kannst jederzeit fr\u00fcher gehen oder bei anderen Angeboten an dem Tag reinschauen, solche offenen Angebote sind z. B. <span style=\"text-decoration: underline;\">Kartenclub<\/span>, <span style=\"text-decoration: underline;\">Schach<\/span>, <span style=\"text-decoration: underline;\">Bingo<\/span>, <span style=\"text-decoration: underline;\">Colour-Club<\/span>, &#8230;<\/p><p class=\"p1\">Es gibt auch Angebote, wo du verbindlich, wie eine Art Versprechen, zusagen musst. Das bedeutet <strong>zwei Tage vor dem Angebot<\/strong> liegt eine Liste am An- und Abmeldetisch bereit. Dort tr\u00e4gst du deinen Namen ein. Bitte beachte, das eine Teilnahmegeb\u00fchr oder weitere Materialien erforderlich sein k\u00f6nnen, z. B. f\u00fcr die <span style=\"text-decoration: underline;\">Genussspezialit\u00e4ten<\/span> oder f\u00fcrs <span style=\"text-decoration: underline;\">Skaten<\/span>.<\/p><p class=\"p1\"><strong>Angebote<\/strong> mit einer <span style=\"text-decoration: underline;\">1<\/span> oder <span style=\"text-decoration: underline;\">2<\/span> wechseln w\u00f6chentlich (finden also nur alle zwei Wochen statt). Genauere Informationen zu den Angeboten mit den Zahlen erf\u00e4hrst du t\u00e4glich an der Anmeldung.<\/p><h6 class=\"p1\">Chor \/ Theater<\/h6><p class=\"p1\">Hier sind die ersten drei Termine zum reinschnuppern. Du kannst anmelden, um zu schauen, wie dir das Angebot gef\u00e4llt. Wenn du dich danach entscheidest, weiter mit zu machen, bist du <strong>fest<\/strong> f\u00fcr jede Woche angemeldet.<\/p><p class=\"p1\">Herr Koebsell hat f\u00fcr seinen <span style=\"text-decoration: underline;\">Chor<\/span> und Frau Sch\u00f6nbrunn f\u00fcr ihr <span style=\"text-decoration: underline;\">Theater<\/span> eine Liste.<\/p><p class=\"p1\">Schau bei den Angeboten genau hin. Manche beginnen etwas fr\u00fcher oder enden etwas sp\u00e4ter. Sag zu Hause vorher Bescheid, dass du an dem Tag l\u00e4nger bleibst.<\/p><p class=\"p1\">Frage gerne unser Team, wir helfen gerne weiter und sind immer f\u00fcr dich da.<\/p>\t\t\t\t\t\t\t\t<\/div>\n\t\t\t\t<\/div>\n\t\t\t\t\t<\/div>\n\t\t<\/div>\n\t\t\t\t\t<\/div>\n\t\t<\/section>\n\t\t\t\t<section class=\"elementor-section elementor-top-section elementor-element elementor-element-86365be elementor-section-boxed elementor-section-height-default elementor-section-height-default\" data-id=\"86365be\" data-element_type=\"section\">\n\t\t\t\t\t\t<div class=\"elementor-container elementor-column-gap-default\">\n\t\t\t\t\t<div class=\"elementor-column elementor-col-100 elementor-top-column elementor-element elementor-element-62174f55\" data-id=\"62174f55\" data-element_type=\"column\">\n\t\t\t<div class=\"elementor-widget-wrap elementor-element-populated\">\n\t\t\t\t\t\t<section class=\"elementor-section elementor-inner-section elementor-element elementor-element-79248daf elementor-section-boxed elementor-section-height-default elementor-section-height-default elementor-invisible\" data-id=\"79248daf\" data-element_type=\"section\" data-settings=\"{&quot;animation&quot;:&quot;fadeInUp&quot;}\">\n\t\t\t\t\t\t<div class=\"elementor-container elementor-column-gap-default\">\n\t\t\t\t\t<div class=\"elementor-column elementor-col-33 elementor-inner-column elementor-element elementor-element-41dd4e30\" data-id=\"41dd4e30\" data-element_type=\"column\">\n\t\t\t<div class=\"elementor-widget-wrap elementor-element-populated\">\n\t\t\t\t\t\t<div class=\"elementor-element elementor-element-7f4b7dc1 ekit-equal-height-enable elementor-widget elementor-widget-elementskit-icon-box\" data-id=\"7f4b7dc1\" data-element_type=\"widget\" data-widget_type=\"elementskit-icon-box.default\">\n\t\t\t\t<div class=\"elementor-widget-container\">\n\t\t\t\t\t<div class=\"ekit-wid-con\" >        <!-- link opening -->\n                <!-- end link opening -->\n\n        <div class=\"elementskit-infobox text- text-left icon-lef-right-aligin elementor-animation- media  \">\n                    <div class=\"elementskit-box-header elementor-animation-\">\n                <div class=\"elementskit-info-box-icon  text-center\">\n                    <svg aria-hidden=\"true\" class=\"elementkit-infobox-icon e-font-icon-svg e-fas-exclamation\" viewBox=\"0 0 192 512\" xmlns=\"http:\/\/www.w3.org\/2000\/svg\"><path d=\"M176 432c0 44.112-35.888 80-80 80s-80-35.888-80-80 35.888-80 80-80 80 35.888 80 80zM25.26 25.199l13.6 272C39.499 309.972 50.041 320 62.83 320h66.34c12.789 0 23.331-10.028 23.97-22.801l13.6-272C167.425 11.49 156.496 0 142.77 0H49.23C35.504 0 24.575 11.49 25.26 25.199z\"><\/path><\/svg>\n                <\/div>\n          <\/div>\n                        <div class=\"box-body\">\n                            <h3 class=\"elementskit-info-box-title\">\n                    Gehzeiten                <\/h3>\n                        \t\t  \t<p>Bitte achte gemeinsam mit deinen\nEltern auf deine Abhol- bzw. Gehzeit,\nwenn du alleine nach Hause gehst.\nJe nachdem an welchem Angebot du\nteilnimmst, muss eventuell deine Dauervollmacht ge\u00e4ndert werden.<\/p>\n                                <\/div>\n        \n        \n                <\/div>\n        <\/div>\t\t\t\t<\/div>\n\t\t\t\t<\/div>\n\t\t\t\t\t<\/div>\n\t\t<\/div>\n\t\t\t\t<div class=\"elementor-column elementor-col-33 elementor-inner-column elementor-element elementor-element-64f9b457\" data-id=\"64f9b457\" data-element_type=\"column\">\n\t\t\t<div class=\"elementor-widget-wrap elementor-element-populated\">\n\t\t\t\t\t\t<div class=\"elementor-element elementor-element-19c38455 ekit-equal-height-enable elementor-widget elementor-widget-elementskit-icon-box\" data-id=\"19c38455\" data-element_type=\"widget\" data-widget_type=\"elementskit-icon-box.default\">\n\t\t\t\t<div class=\"elementor-widget-container\">\n\t\t\t\t\t<div class=\"ekit-wid-con\" >        <!-- link opening -->\n                <!-- end link opening -->\n\n        <div class=\"elementskit-infobox text- text-left icon-lef-right-aligin elementor-animation- media  \">\n                    <div class=\"elementskit-box-header elementor-animation-\">\n                <div class=\"elementskit-info-box-icon  text-center\">\n                    <i aria-hidden=\"true\" class=\"elementkit-infobox-icon icon icon-agenda\"><\/i>\n                <\/div>\n          <\/div>\n                        <div class=\"box-body\">\n                            <h3 class=\"elementskit-info-box-title\">\n                    Hausaufgaben                <\/h3>\n                        \t\t  \t<p>Bitte denk daran, das sich die\nHausaufgaben- und Judozeiten mit den\nAngeboten \u00fcberschneiden k\u00f6nnen.<\/p>\n                                <\/div>\n        \n        \n                <\/div>\n        <\/div>\t\t\t\t<\/div>\n\t\t\t\t<\/div>\n\t\t\t\t\t<\/div>\n\t\t<\/div>\n\t\t\t\t<div class=\"elementor-column elementor-col-33 elementor-inner-column elementor-element elementor-element-12845b04\" data-id=\"12845b04\" data-element_type=\"column\">\n\t\t\t<div class=\"elementor-widget-wrap elementor-element-populated\">\n\t\t\t\t\t\t<div class=\"elementor-element elementor-element-7c1c9f27 ekit-equal-height-enable elementor-widget elementor-widget-elementskit-icon-box\" data-id=\"7c1c9f27\" data-element_type=\"widget\" data-widget_type=\"elementskit-icon-box.default\">\n\t\t\t\t<div class=\"elementor-widget-container\">\n\t\t\t\t\t<div class=\"ekit-wid-con\" >        <!-- link opening -->\n                <!-- end link opening -->\n\n        <div class=\"elementskit-infobox text- text-left icon-lef-right-aligin elementor-animation- media  \">\n                    <div class=\"elementskit-box-header elementor-animation-\">\n                <div class=\"elementskit-info-box-icon  text-center\">\n                    <svg aria-hidden=\"true\" class=\"elementkit-infobox-icon e-font-icon-svg e-fas-magnet\" viewBox=\"0 0 512 512\" xmlns=\"http:\/\/www.w3.org\/2000\/svg\"><path d=\"M164.07 148.1H12a12 12 0 0 1-12-12v-80a36 36 0 0 1 36-36h104a36 36 0 0 1 36 36v80a11.89 11.89 0 0 1-11.93 12zm347.93-12V56a36 36 0 0 0-36-36H372a36 36 0 0 0-36 36v80a12 12 0 0 0 12 12h152a11.89 11.89 0 0 0 12-11.9zm-164 44a12 12 0 0 0-12 12v52c0 128.1-160 127.9-160 0v-52a12 12 0 0 0-12-12H12.1a12 12 0 0 0-12 12.1c.1 21.4.6 40.3 0 53.3 0 150.6 136.17 246.6 256.75 246.6s255-96 255-246.7c-.6-12.8-.2-33 0-53.2a12 12 0 0 0-12-12.1z\"><\/path><\/svg>\n                <\/div>\n          <\/div>\n                        <div class=\"box-body\">\n                            <h3 class=\"elementskit-info-box-title\">\n                    Kinder-Finder-Magnet                <\/h3>\n                        \t\t  \t<p>Bitte denk daran, das du\ndeinen Magneten auf die Stelle\nheftest, wo dich deine Freunde,\nEltern, Verwandte und Bekannten\njederzeit leicht finden k\u00f6nnen.<\/p>\n                                <\/div>\n        \n        \n                <\/div>\n        <\/div>\t\t\t\t<\/div>\n\t\t\t\t<\/div>\n\t\t\t\t\t<\/div>\n\t\t<\/div>\n\t\t\t\t\t<\/div>\n\t\t<\/section>\n\t\t\t\t\t<\/div>\n\t\t<\/div>\n\t\t\t\t\t<\/div>\n\t\t<\/section>\n\t\t\t\t<\/div>\n\t\t","protected":false},"excerpt":{"rendered":"<p>Wochenangebote Allgemeine Infos zu unseren Angeboten Du kannst alle Angebote besuchen aber es gibt ein paar Besonderheiten. Bist du neugierig? Es gibt offene Angebote, die du besuchen kannst. Du entscheidest ob du die ganze Zeit dabei bleibst. Das hei\u00dft, du kannst jederzeit fr\u00fcher gehen oder bei anderen Angeboten an dem Tag reinschauen, solche offenen Angebote [&hellip;]<\/p>\n","protected":false},"author":1,"featured_media":0,"parent":0,"menu_order":0,"comment_status":"closed","ping_status":"closed","template":"elementor_header_footer","meta":{"footnotes":""},"class_list":["post-977","page","type-page","status-publish","hentry"],"_links":{"self":[{"href":"https:\/\/www.sachsen.schule\/~gsg\/wp-json\/wp\/v2\/pages\/977","targetHints":{"allow":["GET"]}}],"collection":[{"href":"https:\/\/www.sachsen.schule\/~gsg\/wp-json\/wp\/v2\/pages"}],"about":[{"href":"https:\/\/www.sachsen.schule\/~gsg\/wp-json\/wp\/v2\/types\/page"}],"author":[{"embeddable":true,"href":"https:\/\/www.sachsen.schule\/~gsg\/wp-json\/wp\/v2\/users\/1"}],"replies":[{"embeddable":true,"href":"https:\/\/www.sachsen.schule\/~gsg\/wp-json\/wp\/v2\/comments?post=977"}],"version-history":[{"count":13,"href":"https:\/\/www.sachsen.schule\/~gsg\/wp-json\/wp\/v2\/pages\/977\/revisions"}],"predecessor-version":[{"id":1083,"href":"https:\/\/www.sachsen.schule\/~gsg\/wp-json\/wp\/v2\/pages\/977\/revisions\/1083"}],"wp:attachment":[{"href":"https:\/\/www.sachsen.schule\/~gsg\/wp-json\/wp\/v2\/media?parent=977"}],"curies":[{"name":"wp","href":"https:\/\/api.w.org\/{rel}","templated":true}]}}