{"id":1071,"date":"2025-09-29T12:33:29","date_gmt":"2025-09-29T10:33:29","guid":{"rendered":"https:\/\/www.sachsen.schule\/~gsg\/?page_id=1071"},"modified":"2026-04-01T11:38:29","modified_gmt":"2026-04-01T09:38:29","slug":"ferien","status":"publish","type":"page","link":"https:\/\/www.sachsen.schule\/~gsg\/ferien\/","title":{"rendered":"Ferien"},"content":{"rendered":"\t\t<div data-elementor-type=\"wp-page\" data-elementor-id=\"1071\" class=\"elementor elementor-1071\">\n\t\t\t\t\t\t<section class=\"elementor-section elementor-top-section elementor-element elementor-element-13c4766a elementor-section-boxed elementor-section-height-default elementor-section-height-default elementor-invisible\" data-id=\"13c4766a\" data-element_type=\"section\" data-settings=\"{&quot;background_background&quot;:&quot;classic&quot;,&quot;animation&quot;:&quot;fadeInUp&quot;}\">\n\t\t\t\t\t\t\t<div class=\"elementor-background-overlay\"><\/div>\n\t\t\t\t\t\t\t<div class=\"elementor-container elementor-column-gap-default\">\n\t\t\t\t\t<div class=\"elementor-column elementor-col-100 elementor-top-column elementor-element elementor-element-35b6702c\" data-id=\"35b6702c\" data-element_type=\"column\">\n\t\t\t<div class=\"elementor-widget-wrap elementor-element-populated\">\n\t\t\t\t\t\t<div class=\"elementor-element elementor-element-6933163e elementor-widget elementor-widget-heading\" data-id=\"6933163e\" data-element_type=\"widget\" data-widget_type=\"heading.default\">\n\t\t\t\t<div class=\"elementor-widget-container\">\n\t\t\t\t\t<h1 class=\"elementor-heading-title elementor-size-default\">Osterferien 2026<\/h1>\t\t\t\t<\/div>\n\t\t\t\t<\/div>\n\t\t\t\t\t<\/div>\n\t\t<\/div>\n\t\t\t\t\t<\/div>\n\t\t<\/section>\n\t\t<div class=\"elementor-element elementor-element-45a6284 e-grid e-con-boxed elementor-invisible e-con e-parent\" data-id=\"45a6284\" data-element_type=\"container\" data-settings=\"{&quot;animation&quot;:&quot;fadeInUp&quot;}\">\n\t\t\t\t\t<div class=\"e-con-inner\">\n\t\t\t\t<div class=\"elementor-element elementor-element-96b6883 elementor-widget elementor-widget-image\" data-id=\"96b6883\" data-element_type=\"widget\" data-widget_type=\"image.default\">\n\t\t\t\t<div class=\"elementor-widget-container\">\n\t\t\t\t\t\t\t\t\t\t\t\t\t\t\t\t<a href=\"https:\/\/www.sachsen.schule\/~gsg\/wp-content\/uploads\/2026\/04\/Osterferienplan-2026.pdf\">\n\t\t\t\t\t\t\t<img fetchpriority=\"high\" decoding=\"async\" width=\"800\" height=\"563\" src=\"https:\/\/www.sachsen.schule\/~gsg\/wp-content\/uploads\/2026\/04\/Osterferienplan-2026-1024x721.png\" class=\"attachment-large size-large wp-image-1618\" alt=\"\" srcset=\"https:\/\/www.sachsen.schule\/~gsg\/wp-content\/uploads\/2026\/04\/Osterferienplan-2026-1024x721.png 1024w, https:\/\/www.sachsen.schule\/~gsg\/wp-content\/uploads\/2026\/04\/Osterferienplan-2026-300x211.png 300w, https:\/\/www.sachsen.schule\/~gsg\/wp-content\/uploads\/2026\/04\/Osterferienplan-2026-768x541.png 768w, https:\/\/www.sachsen.schule\/~gsg\/wp-content\/uploads\/2026\/04\/Osterferienplan-2026-1536x1082.png 1536w, https:\/\/www.sachsen.schule\/~gsg\/wp-content\/uploads\/2026\/04\/Osterferienplan-2026-2048x1442.png 2048w\" sizes=\"(max-width: 800px) 100vw, 800px\" \/>\t\t\t\t\t\t\t\t<\/a>\n\t\t\t\t\t\t\t\t\t\t\t\t\t\t\t<\/div>\n\t\t\t\t<\/div>\n\t\t\t\t\t<\/div>\n\t\t\t\t<\/div>\n\t\t\t\t<section class=\"elementor-section elementor-top-section elementor-element elementor-element-e950552 elementor-section-boxed elementor-section-height-default elementor-section-height-default\" data-id=\"e950552\" data-element_type=\"section\">\n\t\t\t\t\t\t<div class=\"elementor-container elementor-column-gap-default\">\n\t\t\t\t\t<div class=\"elementor-column elementor-col-100 elementor-top-column elementor-element elementor-element-a4e7d0e\" data-id=\"a4e7d0e\" data-element_type=\"column\">\n\t\t\t<div class=\"elementor-widget-wrap elementor-element-populated\">\n\t\t\t\t\t\t<div class=\"elementor-element elementor-element-adb0f43 elementor-invisible elementor-widget elementor-widget-heading\" data-id=\"adb0f43\" data-element_type=\"widget\" data-settings=\"{&quot;_animation&quot;:&quot;fadeInDown&quot;}\" data-widget_type=\"heading.default\">\n\t\t\t\t<div class=\"elementor-widget-container\">\n\t\t\t\t\t<h2 class=\"elementor-heading-title elementor-size-default\">Allgemeine Infos zu den Ferien<\/h2>\t\t\t\t<\/div>\n\t\t\t\t<\/div>\n\t\t\t\t<div class=\"elementor-element elementor-element-94e7925 elementor-invisible elementor-widget elementor-widget-text-editor\" data-id=\"94e7925\" data-element_type=\"widget\" data-settings=\"{&quot;_animation&quot;:&quot;fadeInUp&quot;}\" data-widget_type=\"text-editor.default\">\n\t\t\t\t<div class=\"elementor-widget-container\">\n\t\t\t\t\t\t\t\t\t<p style=\"font-weight: 400;\">Liebe Eltern,<\/p><p style=\"font-weight: 400;\">Sie haben Ihr Kind f\u00fcr die Herbstferien im Hort der Johanna-Magdalena-Beyer-Schule angemeldet. F\u00fcr diese Zeit haben wir f\u00fcr Sie einige wichtige Hinweise zusammengetragen. Es besteht f\u00fcr berechtigte Familien die M\u00f6glichkeit, \u00fcber das Bildungspaket eine \u00dcbernahme der Kosten f\u00fcr die im Hort durchgef\u00fchrten Veranstaltungen zu beantragen. Die Beantragung muss <strong>vorab<\/strong> mit dem Jobcenter abgestimmt werden. In den Sommer \u2013 und Winterferien haben Sie die M\u00f6glichkeit einen Ferienpass zu erwerben.<\/p><ul><li>Bitte bringen Sie Ihr Kind immer zur vorgegebenen Zeit, sp\u00e4testens aber bis <strong>9:<\/strong><strong>00Uhr<\/strong> in den Hort, da wir ansonsten nicht mehr im Haus sind.<\/li><li>Geben Sie Ihrem Kind bitte immer den <strong>ausgef\u00fcllten Ferienpass<\/strong> und die entsprechenden Abschnitte (z.B. Zoo, Parkeisenbahn) oder Eintrittsgelder und, wenn Sie keinen Ferienpass haben, immer <strong>zwei Fahrscheine<\/strong> Die ErzieherInnen haben keine M\u00f6glichkeit, die Fahrscheine an der Haltestelle zu besorgen oder Eintrittsgelder auszulegen.<\/li><li>Sollte Ihr Kind erkranken oder es eine \u00c4nderung an Ihrem Betreuungsbedarf geben, so teilen Sie uns dies bitte bis sp\u00e4testens <strong>8:00 Uhr \u00a0 \u00a0 \u00a0\u00a0<\/strong><strong> Telefonnummer \u00a0Hort: 0341\/ 926002720<\/strong><\/li><li>Veranstaltungsanmeldung findet immer <strong>einen Tag <\/strong>vorher statt, au\u00dfer es ist etwas anderes angegeben.<\/li><li>Bitte sorgen Sie bei unseren ganzt\u00e4gigen Ausfl\u00fcgen (z.B. Zoo, Wildpark, Spielplatz) f\u00fcr ausreichend Verpflegung und wettergerechte Kleidung.<\/li><li>Bitte geben Sie bei Bedarf t\u00e4glich Sonnenschutz (Sonnencreme und Hut) mit.<\/li><li>Achten Sie bitte auf unsere Essens- und Ankunftszeiten.<\/li><li>Taschengeld ist erlaubt.<\/li><li>Spielsachen d\u00fcrfen am Spielzeugtag mitgebracht werden, allerdings \u00fcbernimmt der Hort daf\u00fcr keine Haftung. Lego und elektronische Ger\u00e4te bleiben bitte zu Hause.<\/li><li>\u00c4nderungen vorbehalten.<\/li><li>Abk\u00fcrzungen: FP = Ferienpass, FS = Fahrscheine, LP = Leipzig Pass, NS = Nichtschwimmer<\/li><\/ul>\t\t\t\t\t\t\t\t<\/div>\n\t\t\t\t<\/div>\n\t\t\t\t\t<\/div>\n\t\t<\/div>\n\t\t\t\t\t<\/div>\n\t\t<\/section>\n\t\t\t\t<\/div>\n\t\t","protected":false},"excerpt":{"rendered":"<p>Osterferien 2026 Allgemeine Infos zu den Ferien Liebe Eltern, Sie haben Ihr Kind f\u00fcr die Herbstferien im Hort der Johanna-Magdalena-Beyer-Schule angemeldet. F\u00fcr diese Zeit haben wir f\u00fcr Sie einige wichtige Hinweise zusammengetragen. Es besteht f\u00fcr berechtigte Familien die M\u00f6glichkeit, \u00fcber das Bildungspaket eine \u00dcbernahme der Kosten f\u00fcr die im Hort durchgef\u00fchrten Veranstaltungen zu beantragen. Die [&hellip;]<\/p>\n","protected":false},"author":3,"featured_media":0,"parent":0,"menu_order":0,"comment_status":"closed","ping_status":"closed","template":"elementor_header_footer","meta":{"footnotes":""},"class_list":["post-1071","page","type-page","status-publish","hentry"],"_links":{"self":[{"href":"https:\/\/www.sachsen.schule\/~gsg\/wp-json\/wp\/v2\/pages\/1071","targetHints":{"allow":["GET"]}}],"collection":[{"href":"https:\/\/www.sachsen.schule\/~gsg\/wp-json\/wp\/v2\/pages"}],"about":[{"href":"https:\/\/www.sachsen.schule\/~gsg\/wp-json\/wp\/v2\/types\/page"}],"author":[{"embeddable":true,"href":"https:\/\/www.sachsen.schule\/~gsg\/wp-json\/wp\/v2\/users\/3"}],"replies":[{"embeddable":true,"href":"https:\/\/www.sachsen.schule\/~gsg\/wp-json\/wp\/v2\/comments?post=1071"}],"version-history":[{"count":28,"href":"https:\/\/www.sachsen.schule\/~gsg\/wp-json\/wp\/v2\/pages\/1071\/revisions"}],"predecessor-version":[{"id":1622,"href":"https:\/\/www.sachsen.schule\/~gsg\/wp-json\/wp\/v2\/pages\/1071\/revisions\/1622"}],"wp:attachment":[{"href":"https:\/\/www.sachsen.schule\/~gsg\/wp-json\/wp\/v2\/media?parent=1071"}],"curies":[{"name":"wp","href":"https:\/\/api.w.org\/{rel}","templated":true}]}}

<div data-elementor-type="wp-page" data-elementor-id="1071" class="elementor elementor-1071">
						<section class="elementor-section elementor-top-section elementor-element elementor-element-13c4766a elementor-section-boxed elementor-section-height-default elementor-section-height-default elementor-invisible" data-id="13c4766a" data-element_type="section" data-settings="{&quot;background_background&quot;:&quot;classic&quot;,&quot;animation&quot;:&quot;fadeInUp&quot;}">
							<div class="elementor-background-overlay"></div>
							<div class="elementor-container elementor-column-gap-default">
					<div class="elementor-column elementor-col-100 elementor-top-column elementor-element elementor-element-35b6702c" data-id="35b6702c" data-element_type="column">
			<div class="elementor-widget-wrap elementor-element-populated">
						<div class="elementor-element elementor-element-6933163e elementor-widget elementor-widget-heading" data-id="6933163e" data-element_type="widget" data-widget_type="heading.default">
				<div class="elementor-widget-container">
					<h1 class="elementor-heading-title elementor-size-default">Osterferien 2026</h1>				</div>
				</div>
					</div>
		</div>
					</div>
		</section>
		<div class="elementor-element elementor-element-45a6284 e-grid e-con-boxed elementor-invisible e-con e-parent" data-id="45a6284" data-element_type="container" data-settings="{&quot;animation&quot;:&quot;fadeInUp&quot;}">
					<div class="e-con-inner">
				<div class="elementor-element elementor-element-96b6883 elementor-widget elementor-widget-image" data-id="96b6883" data-element_type="widget" data-widget_type="image.default">
				<div class="elementor-widget-container">
																<a href="https://www.sachsen.schule/~gsg/wp-content/uploads/2026/04/Osterferienplan-2026.pdf">
							<img fetchpriority="high" decoding="async" width="800" height="563" src="https://www.sachsen.schule/~gsg/wp-content/uploads/2026/04/Osterferienplan-2026-1024x721.png" class="attachment-large size-large wp-image-1618" alt="" srcset="https://www.sachsen.schule/~gsg/wp-content/uploads/2026/04/Osterferienplan-2026-1024x721.png 1024w, https://www.sachsen.schule/~gsg/wp-content/uploads/2026/04/Osterferienplan-2026-300x211.png 300w, https://www.sachsen.schule/~gsg/wp-content/uploads/2026/04/Osterferienplan-2026-768x541.png 768w, https://www.sachsen.schule/~gsg/wp-content/uploads/2026/04/Osterferienplan-2026-1536x1082.png 1536w, https://www.sachsen.schule/~gsg/wp-content/uploads/2026/04/Osterferienplan-2026-2048x1442.png 2048w" sizes="(max-width: 800px) 100vw, 800px" />								</a>
															</div>
				</div>
					</div>
				</div>
				<section class="elementor-section elementor-top-section elementor-element elementor-element-e950552 elementor-section-boxed elementor-section-height-default elementor-section-height-default" data-id="e950552" data-element_type="section">
						<div class="elementor-container elementor-column-gap-default">
					<div class="elementor-column elementor-col-100 elementor-top-column elementor-element elementor-element-a4e7d0e" data-id="a4e7d0e" data-element_type="column">
			<div class="elementor-widget-wrap elementor-element-populated">
						<div class="elementor-element elementor-element-adb0f43 elementor-invisible elementor-widget elementor-widget-heading" data-id="adb0f43" data-element_type="widget" data-settings="{&quot;_animation&quot;:&quot;fadeInDown&quot;}" data-widget_type="heading.default">
				<div class="elementor-widget-container">
					<h2 class="elementor-heading-title elementor-size-default">Allgemeine Infos zu den Ferien</h2>				</div>
				</div>
				<div class="elementor-element elementor-element-94e7925 elementor-invisible elementor-widget elementor-widget-text-editor" data-id="94e7925" data-element_type="widget" data-settings="{&quot;_animation&quot;:&quot;fadeInUp&quot;}" data-widget_type="text-editor.default">
				<div class="elementor-widget-container">
									<p style="font-weight: 400;">Liebe Eltern,</p><p style="font-weight: 400;">Sie haben Ihr Kind für die Herbstferien im Hort der Johanna-Magdalena-Beyer-Schule angemeldet. Für diese Zeit haben wir für Sie einige wichtige Hinweise zusammengetragen. Es besteht für berechtigte Familien die Möglichkeit, über das Bildungspaket eine Übernahme der Kosten für die im Hort durchgeführten Veranstaltungen zu beantragen. Die Beantragung muss <strong>vorab</strong> mit dem Jobcenter abgestimmt werden. In den Sommer – und Winterferien haben Sie die Möglichkeit einen Ferienpass zu erwerben.</p><ul><li>Bitte bringen Sie Ihr Kind immer zur vorgegebenen Zeit, spätestens aber bis <strong>9:</strong><strong>00Uhr</strong> in den Hort, da wir ansonsten nicht mehr im Haus sind.</li><li>Geben Sie Ihrem Kind bitte immer den <strong>ausgefüllten Ferienpass</strong> und die entsprechenden Abschnitte (z.B. Zoo, Parkeisenbahn) oder Eintrittsgelder und, wenn Sie keinen Ferienpass haben, immer <strong>zwei Fahrscheine</strong> Die ErzieherInnen haben keine Möglichkeit, die Fahrscheine an der Haltestelle zu besorgen oder Eintrittsgelder auszulegen.</li><li>Sollte Ihr Kind erkranken oder es eine Änderung an Ihrem Betreuungsbedarf geben, so teilen Sie uns dies bitte bis spätestens <strong>8:00 Uhr       </strong><strong> Telefonnummer  Hort: 0341/ 926002720</strong></li><li>Veranstaltungsanmeldung findet immer <strong>einen Tag </strong>vorher statt, außer es ist etwas anderes angegeben.</li><li>Bitte sorgen Sie bei unseren ganztägigen Ausflügen (z.B. Zoo, Wildpark, Spielplatz) für ausreichend Verpflegung und wettergerechte Kleidung.</li><li>Bitte geben Sie bei Bedarf täglich Sonnenschutz (Sonnencreme und Hut) mit.</li><li>Achten Sie bitte auf unsere Essens- und Ankunftszeiten.</li><li>Taschengeld ist erlaubt.</li><li>Spielsachen dürfen am Spielzeugtag mitgebracht werden, allerdings übernimmt der Hort dafür keine Haftung. Lego und elektronische Geräte bleiben bitte zu Hause.</li><li>Änderungen vorbehalten.</li><li>Abkürzungen: FP = Ferienpass, FS = Fahrscheine, LP = Leipzig Pass, NS = Nichtschwimmer</li></ul>								</div>
				</div>
					</div>
		</div>
					</div>
		</section>
				</div>

<p>Osterferien 2026 Allgemeine Infos zu den Ferien Liebe Eltern, Sie haben Ihr Kind für die Herbstferien im Hort der Johanna-Magdalena-Beyer-Schule angemeldet. Für diese Zeit haben wir für Sie einige wichtige Hinweise zusammengetragen. Es besteht für berechtigte Familien die Möglichkeit, über das Bildungspaket eine Übernahme der Kosten für die im Hort durchgeführten Veranstaltungen zu beantragen. Die [&hellip;]</p>
