{"id":2,"date":"2021-07-28T17:46:15","date_gmt":"2021-07-28T15:46:15","guid":{"rendered":"https:\/\/www.sachsen.schule\/~gs35dd\/?page_id=2"},"modified":"2025-09-17T22:10:15","modified_gmt":"2025-09-17T20:10:15","slug":"aktuelles","status":"publish","type":"page","link":"https:\/\/www.sachsen.schule\/~gs35dd\/index.php\/unsere_schule\/aktuelles\/","title":{"rendered":"Aktuelles"},"content":{"rendered":"<div class=\"vce-row-container\" data-vce-boxed-width=\"true\"><div class=\"vce-row vce-row--col-gap-30 vce-row-equal-height vce-row-content--top\" id=\"el-10ab962f\" data-vce-do-apply=\"all el-10ab962f\"><div class=\"vce-row-content\" data-vce-element-content=\"true\"><div class=\"vce-col vce-col--md-auto vce-col--xs-1 vce-col--xs-last vce-col--xs-first vce-col--sm-last vce-col--sm-first vce-col--md-last vce-col--lg-last vce-col--xl-last vce-col--md-first vce-col--lg-first vce-col--xl-first\" id=\"el-5a4fddae\"><div class=\"vce-col-inner\" data-vce-do-apply=\"border margin background  el-5a4fddae\"><div class=\"vce-col-content\" data-vce-element-content=\"true\" data-vce-do-apply=\"padding el-5a4fddae\"><div class=\"vce-text-block\"><div class=\"vce-text-block-wrapper vce\" id=\"el-310f2435\" data-vce-do-apply=\"all el-310f2435\"><div>\n<p><noscript><\/p>\n<style>.vce-row-container .vcv-lozad {display: none}<\/style>\n<p><\/noscript><\/p>\n<\/div>\n<div>\n<div>\n<p><noscript><\/p>\n<style>.vce-row-container .vcv-lozad {display: none}<\/style>\n<p><\/noscript><\/p>\n<\/div>\n<div>\n<h2><span style=\"font-weight: 400; font-style: normal;\">Aktuelles zum Schuljahr 2025\/26<\/span><\/h2>\n<p>Stand: 17.09.2025<\/p>\n<h4 style=\"letter-spacing: 0.14px;\">GTA Programm 2025\/26<\/h4>\n<ul style=\"color: #555555; font-family: Lato, sans-serif; font-size: 14px; letter-spacing: 0.14px;\">\n<li>ist online und aktualisiert <a href=\"..\/ganztagsangebote-gta\/\">hier zu finden<\/a><\/li>\n<\/ul>\n<h4>Infos zum F\u00f6rderverein<\/h4>\n<ul>\n<li>Wir haben die <a href=\"..\/..\/eltern\/automatisch-gespeicherter-entwurf-2\/\">Informationen zum F\u00f6rderverein<\/a> aktualisiert. Dort finden Sie auch den Antrag auf Mitgliedschaft.<\/li>\n<\/ul>\n<h4>Lernsax-Zugang<\/h4>\n<ul>\n<li>Den Lernsax-Zugang f\u00fcr Ihr Kind erhalten Sie mit dem Schulaufnahmebescheid im Juni.<\/li>\n<li>Bei Problemen mit dem Lernsax-Zugang bitte direkt an den Admin wenden: administrator@35gs.lernsax.de<\/li>\n<\/ul>\n<hr>\n<h4>Wichtige Formulare f\u00fcr Antr\u00e4ge und Mitteilungen<\/h4>\n<ul>\n<li><a href=\"..\/..\/..\/wp-content\/uploads\/2022\/04\/Antrag-Sportbefreiung.pdf\">Antrag Sportbefreiung<\/a><\/li>\n<li><a href=\"..\/..\/..\/wp-content\/uploads\/2022\/04\/Antrag-auf-Freistellung-bis-zu-zwei-Tage.pdf\">Antrag auf Freistellung bis zu zwei Tage<\/a><\/li>\n<li><a href=\"..\/..\/..\/wp-content\/uploads\/2022\/04\/Antrag-auf-Freistellung-mehr-als-zwei-Tage.pdf\">Antrag auf Freistellung mehr als zwei Tage<\/a><\/li>\n<li><a href=\"..\/..\/..\/wp-content\/uploads\/2022\/04\/Wichtige-Information-Meldung-Elternformular.pdf\">Wichtige Mitteilung - Elternformular<\/a><\/li>\n<\/ul>\n<hr>\n<p>Hinweis:<\/p>\n<p><em>Die Website unserer Schule wird derzeit neu gestaltet und alle wichtigen Informationen wird es hier auf der Startseite geben.<\/em><\/p>\n<\/div>\n<div>&nbsp;<\/div>\n<\/div>\n<div>&nbsp;<\/div><\/div><\/div><\/div><\/div><\/div><\/div><\/div><\/div>\n","protected":false},"excerpt":{"rendered":"<p>Aktuelles zum Schuljahr 2025\/26 Stand: 17.09.2025 GTA Programm 2025\/26 ist online und aktualisiert hier zu finden Infos zum F\u00f6rderverein Wir haben die Informationen zum F\u00f6rderverein aktualisiert. Dort finden Sie auch den Antrag auf Mitgliedschaft. Lernsax-Zugang Den Lernsax-Zugang f\u00fcr Ihr Kind erhalten Sie mit dem Schulaufnahmebescheid im Juni. Bei Problemen mit dem Lernsax-Zugang bitte direkt an [&hellip;]<\/p>\n","protected":false},"author":1,"featured_media":0,"parent":6,"menu_order":0,"comment_status":"closed","ping_status":"closed","template":"","meta":[],"_links":{"self":[{"href":"https:\/\/www.sachsen.schule\/~gs35dd\/index.php\/wp-json\/wp\/v2\/pages\/2"}],"collection":[{"href":"https:\/\/www.sachsen.schule\/~gs35dd\/index.php\/wp-json\/wp\/v2\/pages"}],"about":[{"href":"https:\/\/www.sachsen.schule\/~gs35dd\/index.php\/wp-json\/wp\/v2\/types\/page"}],"author":[{"embeddable":true,"href":"https:\/\/www.sachsen.schule\/~gs35dd\/index.php\/wp-json\/wp\/v2\/users\/1"}],"replies":[{"embeddable":true,"href":"https:\/\/www.sachsen.schule\/~gs35dd\/index.php\/wp-json\/wp\/v2\/comments?post=2"}],"version-history":[{"count":77,"href":"https:\/\/www.sachsen.schule\/~gs35dd\/index.php\/wp-json\/wp\/v2\/pages\/2\/revisions"}],"predecessor-version":[{"id":481,"href":"https:\/\/www.sachsen.schule\/~gs35dd\/index.php\/wp-json\/wp\/v2\/pages\/2\/revisions\/481"}],"up":[{"embeddable":true,"href":"https:\/\/www.sachsen.schule\/~gs35dd\/index.php\/wp-json\/wp\/v2\/pages\/6"}],"wp:attachment":[{"href":"https:\/\/www.sachsen.schule\/~gs35dd\/index.php\/wp-json\/wp\/v2\/media?parent=2"}],"curies":[{"name":"wp","href":"https:\/\/api.w.org\/{rel}","templated":true}]}}