{"id":183,"date":"2021-10-28T23:53:35","date_gmt":"2021-10-28T21:53:35","guid":{"rendered":"https:\/\/www.sachsen.schule\/~gs35dd\/?page_id=183"},"modified":"2025-09-17T22:07:11","modified_gmt":"2025-09-17T20:07:11","slug":"ganztagsangebote-gta","status":"publish","type":"page","link":"https:\/\/www.sachsen.schule\/~gs35dd\/index.php\/unsere_schule\/ganztagsangebote-gta\/","title":{"rendered":"Ganztagsangebote (GTA)"},"content":{"rendered":"<div class=\"vce-row-container\" data-vce-boxed-width=\"true\"><div class=\"vce-row vce-row--col-gap-30 vce-row-equal-height vce-row-content--top\" id=\"el-d94cc7a2\" data-vce-do-apply=\"all el-d94cc7a2\"><div class=\"vce-row-content\" data-vce-element-content=\"true\"><div class=\"vce-col vce-col--md-auto vce-col--xs-1 vce-col--xs-last vce-col--xs-first vce-col--sm-last vce-col--sm-first vce-col--md-last vce-col--lg-last vce-col--xl-last vce-col--md-first vce-col--lg-first vce-col--xl-first\" id=\"el-183adf9c\"><div class=\"vce-col-inner\" data-vce-do-apply=\"border margin background  el-183adf9c\"><div class=\"vce-col-content\" data-vce-element-content=\"true\" data-vce-do-apply=\"padding el-183adf9c\"><div class=\"vce-text-block\"><div class=\"vce-text-block-wrapper vce\" id=\"el-026f0aef\" data-vce-do-apply=\"all el-026f0aef\"><h2>Ganztagsangebote<\/h2><\/div><\/div><\/div><\/div><\/div><\/div><\/div><\/div><div class=\"vce-row-container\" data-vce-boxed-width=\"true\"><div class=\"vce-row vce-row--col-gap-30 vce-row-equal-height vce-row-content--top\" id=\"el-fff75aca\" data-vce-do-apply=\"all el-fff75aca\"><div class=\"vce-row-content\" data-vce-element-content=\"true\"><div class=\"vce-col vce-col--md-auto vce-col--xs-1 vce-col--xs-last vce-col--xs-first vce-col--sm-last vce-col--sm-first vce-col--md-last vce-col--lg-last vce-col--xl-last vce-col--md-first vce-col--lg-first vce-col--xl-first\" id=\"el-3cd226e1\"><div class=\"vce-col-inner\" data-vce-do-apply=\"border margin background  el-3cd226e1\"><div class=\"vce-col-content\" data-vce-element-content=\"true\" data-vce-do-apply=\"padding el-3cd226e1\"><div class=\"vce-text-block\"><div class=\"vce-text-block-wrapper vce\" id=\"el-74f2b5a0\" data-vce-do-apply=\"all el-74f2b5a0\"><h4>GTA-Programm 2025\/26<\/h4>\n<ul>\n<li>einen tabellarischen \u00dcberblick finden Sie <a href=\"..\/..\/..\/wp-content\/uploads\/2025\/09\/GTA_Programm2025_26.pdf\">hier im PDF<\/a><\/li>\n<\/ul>\n<h4>Beschreibung der Angebote:<\/h4>\n<p>Im Folgenden finden Sie kurze Beschreibungen der Kursinhalte, welche wir in diesem Schuljahr im Rahmen unseres Ganztagsangebotes (GTA) anbieten. Die Texte stammen vom jeweiligen Kursleitenden.<\/p>\n<h4 class=\"p1\">Programmieren mit Calliope Mini<\/h4>\n<p class=\"p1\">Computer programmieren ist ein bisschen wie LEGO\u00ae Technic: Man muss die richtigen Funktionsbausteine auf die richtige Art zusammenbauen, damit es funktioniert. Mit dem Mini-Computer Calliope steigen wir im Kurs gemeinsam ins Programmieren ein. Keine Sorge: Es gibt keinen komplizierten Programmcode, sondern bunte Bl\u00f6cke, die wir digital \"zusammenstecken\". Damit bauen wir coole Sachen, wie einen elektronischen W\u00fcrfel, eine Alarmanlage oder ein Morseger\u00e4t, denn alle Hacker haben mal mit solchen Grundlagen begonnen \ud83d\ude09<br>Und wisst ihr, was gute Hacker ausmacht? Sie wissen unglaublich viel und sie haben Spa\u00df an dem, was sie tun. Darum soll es auch bei uns im Kurs gehen: Wir wollen lernen, wie Computer funktionieren und Spa\u00df dabei haben! Worum es bei uns nicht jedoch gehen wird: Computerspiele.<br>Das passt so f\u00fcr dich? Dann lass uns gemeinsam programmieren; wir freuen uns darauf!<br>Markus und Marie-Kathrin<\/p>\n<h4 class=\"p1\">Naturwissenschaftliche Experimente<\/h4>\n<p class=\"p1\">In diesem Ganztagsangebot erkunden die Sch\u00fcler:innen die faszinierende Welt der Naturwissenschaften durch praktische Experimente aus Physik, Chemie und Biologie. Dabei werden sie aktiv in die Planung und Durchf\u00fchrung von Versuchen eingebunden. Sie lernen, Hypothesen aufzustellen, zu \u00fcberpr\u00fcfen und daraus Schlussfolgerungen zu ziehen. Die erlernten Konzepte werden mit allt\u00e4glichen Ph\u00e4nomenen verkn\u00fcpft, sodass die Kinder die Grundlagen der Naturwissenschaften auf spielerische Weise direkt erleben und verstehen k\u00f6nnen. Dieses Angebot f\u00f6rdert Neugier, kritisches Denken und das Verst\u00e4ndnis f\u00fcr die Welt um uns herum.<\/p>\n<h4>Computer Klasse 3 und 4<\/h4>\n<p>Wir lernen den Computer als Arbeitsmittel kennen. Besch\u00e4ftigen uns mit der Hart- und Software. Dabei schnuppern wir in die M\u00f6glichkeiten der Office Anwendungen und welche kosten-freien Alternativen wir nutzen k\u00f6nnen. <br>Wie recherchiere ich im Internet und nutze Bilder sowie Daten. Was ist eine Quellenangabe und warum muss ich diese un-bedingt angeben.<br>Wie bereite ich einen Vortrag vor und welche Programme kann ich dabei nutzen. Was kann ich mit Excel anstellen.<br>Wie lege ich Ordner an und halte meinen Computer aufger\u00e4umt.<br>Viele n\u00fctzliche Dinge, um den Computer als helfendes Arbeitsmittel zu begreifen.<\/p>\n<h4>Mediengestaltung Klasse 4<\/h4>\n<p>Jeden Tag gestalten wir, bewusst oder unbewusst nehmen wir Ver\u00e4nderungen von Umwelt oder Natur vor. Wir dr\u00fccken uns aus, mit Farben, Formen, Schrift, Bildern \u2013 wir sind kreativ! <br>Das wollen wir in unserer GTA-Gruppe versuchen und dabei Regeln der Gestaltung kennenlernen. <br>Dabei nutzen wir das kostenfreie Gestaltungstool \u201eGimp\u201c, aber auch Word oder Fotoprogramme im Internet, um unsere Ideen praktisch umzusetzen.<\/p>\n<h4>Bewegungsspiele und Tanz<\/h4>\n<p>Das Sch\u00f6nste f\u00fcr die Kinder ist immer noch das Spielen. Es wird gefangen, getobt und getanzt. Miteinander werden alte und neue Spiele (wieder-)entdeckt.<\/p>\n<h4>Fu\u00dfball<\/h4>\n<p>Am Anfang der Stunde wird f\u00fcr ca. 10-15 min eine Erw\u00e4rmung gemacht. Die kann verschieden sein. Z.B. V\u00f6lkerball, Merkball oder Keulenfu\u00dfball. Dies stimmen wir gemeinsam ab. Nach der Erw\u00e4rmung wird dann Fu\u00dfball gespielt. Es werden Mannschaften gebildet und wenn m\u00f6glich die einzelnen Positionen festgelegt. Zum Schluss findet dann bei Bedarf eine kleine Auswertung der Stunde statt.<\/p>\n<h5>Lesen macht Spa\u00df<\/h5>\n<p>Lesen macht Spa\u00df \u2013 wir lesen Witze, R\u00e4tsel, spannende Geschichten, kleine B\u00fccher und vieles mehr. Unsere Geschichten sind lustig, abenteuerlich, aber auch nachdenklich. Die Kompetenz, die mit Lesen verbunden ist, dass man Inhalte aus Texten erschlie\u00dfen kann, ist f\u00fcr das Leben unerl\u00e4sslich. Egal in welchem Bereich, ab als Krankenschwester oder als Taxifahrer, ich muss lesen k\u00f6nnen, um das Leben zu beherrschen.<\/p>\n<h4>Theaterspiel<\/h4>\n<p>Das Ziel ist, die Kinder bei ausgew\u00e4hlten M\u00e4rchen in verschiedenen Rollen schl\u00fcpfen zu lassen, ihnen die M\u00f6glichkeit zu geben, ihre Emotionen spielerisch darzustellen.<\/p>\n<h4>Zauberei mit Nadel und Faden<\/h4>\n<p>Zauberei mit Nadel und Faden \u2013 mit Nadel und Faden zaubern wir Sachen, die n\u00fctzlich sind und Freude machen. Wir n\u00e4hen und sticken, h\u00e4keln und stricken. Die Kinder lernen, wie sie mit unterschiedlichen Techniken aus verschiedenen Materialien Gebrauchsgegenst\u00e4nde \u2013 wie z.B. Nadeltaschen oder kleine Deko-Artikel wie z.B. Weihnachtsm\u00e4nner, K\u00fcrbisse zu Halloween, neckische Osterhasen \u2013 herstellen k\u00f6nnen.<\/p>\n<p>&nbsp;<\/p>\n<p>Hinweis zu den Ganztagsangeboten:<\/p>\n<p><img loading=\"lazy\" class=\" wp-image-465 alignleft\" src=\"..\/..\/..\/wp-content\/uploads\/2024\/10\/Signet_gruen.gif\" alt=\"\" width=\"81\" height=\"122\"><\/p>\n<p>Diese Ma\u00dfnahme wird mitfinanziert durch Steuermittel auf der Grundlage des von den Abgeordneten des S\u00e4chsischen Landtages beschlossenen Haushaltes.<\/p><\/div><\/div><\/div><\/div><\/div><\/div><\/div><\/div>\n","protected":false},"excerpt":{"rendered":"<p>GanztagsangeboteGTA-Programm 2025\/26 einen tabellarischen \u00dcberblick finden Sie hier im PDF Beschreibung der Angebote: Im Folgenden finden Sie kurze Beschreibungen der Kursinhalte, welche wir in diesem Schuljahr im Rahmen unseres Ganztagsangebotes (GTA) anbieten. Die Texte stammen vom jeweiligen Kursleitenden. Programmieren mit Calliope Mini Computer programmieren ist ein bisschen wie LEGO\u00ae Technic: Man muss die richtigen Funktionsbausteine [&hellip;]<\/p>\n","protected":false},"author":1,"featured_media":0,"parent":6,"menu_order":0,"comment_status":"closed","ping_status":"closed","template":"","meta":[],"_links":{"self":[{"href":"https:\/\/www.sachsen.schule\/~gs35dd\/index.php\/wp-json\/wp\/v2\/pages\/183"}],"collection":[{"href":"https:\/\/www.sachsen.schule\/~gs35dd\/index.php\/wp-json\/wp\/v2\/pages"}],"about":[{"href":"https:\/\/www.sachsen.schule\/~gs35dd\/index.php\/wp-json\/wp\/v2\/types\/page"}],"author":[{"embeddable":true,"href":"https:\/\/www.sachsen.schule\/~gs35dd\/index.php\/wp-json\/wp\/v2\/users\/1"}],"replies":[{"embeddable":true,"href":"https:\/\/www.sachsen.schule\/~gs35dd\/index.php\/wp-json\/wp\/v2\/comments?post=183"}],"version-history":[{"count":36,"href":"https:\/\/www.sachsen.schule\/~gs35dd\/index.php\/wp-json\/wp\/v2\/pages\/183\/revisions"}],"predecessor-version":[{"id":480,"href":"https:\/\/www.sachsen.schule\/~gs35dd\/index.php\/wp-json\/wp\/v2\/pages\/183\/revisions\/480"}],"up":[{"embeddable":true,"href":"https:\/\/www.sachsen.schule\/~gs35dd\/index.php\/wp-json\/wp\/v2\/pages\/6"}],"wp:attachment":[{"href":"https:\/\/www.sachsen.schule\/~gs35dd\/index.php\/wp-json\/wp\/v2\/media?parent=183"}],"curies":[{"name":"wp","href":"https:\/\/api.w.org\/{rel}","templated":true}]}}