{"id":525,"date":"2021-09-08T09:13:14","date_gmt":"2021-09-08T09:13:14","guid":{"rendered":"http:\/\/www.sachsen.schule\/~ernst-zinna-schule-leipzig\/?page_id=525"},"modified":"2021-09-08T09:13:14","modified_gmt":"2021-09-08T09:13:14","slug":"bewegtes-lernen","status":"publish","type":"page","link":"https:\/\/www.sachsen.schule\/~ernst-zinna-schule-leipzig\/?page_id=525","title":{"rendered":"Bewegtes Lernen"},"content":{"rendered":"\n<p>Wir verf\u00fcgen \u00fcber ein bewegtes Schulleben, da wir keine \u201eSitzschule\u201c sein wollen.<\/p>\n\n\n\n<p>Unser Bewegtes Schulleben umfasst:<\/p>\n\n\n\n<ul><li>Bewegten Unterricht mit Bewegtem Lernen z. B. Verben-Pantomime, Bankrutschen,\u00a0\u201eDas wandernde Komma\u201c<\/li><\/ul>\n\n\n\n<ul><li>Bewegte Pause mit Schulhofspielen<\/li><\/ul>\n\n\n\n<ul><li>Schulsport als Fachunterricht<\/li><\/ul>\n\n\n\n<ul><li>Bewegte Freizeit z. B. GTA, Betreuungsangebot<\/li><\/ul>\n\n\n\n<p>Denn Bewegung hilft beim kognitiven Lernen, f\u00f6rdert das soziale Lernen, regt das emotionale Erleben an, hilft beim Aufbau eines positiven Selbstwertgef\u00fchls. Bewegung ist die Voraussetzung f\u00fcr die gesunde k\u00f6rperliche Entwicklung.<\/p>\n","protected":false},"excerpt":{"rendered":"<p>Wir verf\u00fcgen \u00fcber ein bewegtes Schulleben, da wir keine \u201eSitzschule\u201c sein wollen. Unser Bewegtes Schulleben umfasst: Bewegten Unterricht mit Bewegtem Lernen z. B. Verben-Pantomime, Bankrutschen,\u00a0\u201eDas wandernde Komma\u201c Bewegte Pause mit Schulhofspielen Schulsport als Fachunterricht Bewegte Freizeit z. B. GTA, Betreuungsangebot &hellip; <a href=\"https:\/\/www.sachsen.schule\/~ernst-zinna-schule-leipzig\/?page_id=525\">Weiterlesen <span class=\"meta-nav\">&rarr;<\/span><\/a><\/p>\n","protected":false},"author":1,"featured_media":0,"parent":172,"menu_order":0,"comment_status":"closed","ping_status":"closed","template":"","meta":[],"_links":{"self":[{"href":"https:\/\/www.sachsen.schule\/~ernst-zinna-schule-leipzig\/index.php?rest_route=\/wp\/v2\/pages\/525"}],"collection":[{"href":"https:\/\/www.sachsen.schule\/~ernst-zinna-schule-leipzig\/index.php?rest_route=\/wp\/v2\/pages"}],"about":[{"href":"https:\/\/www.sachsen.schule\/~ernst-zinna-schule-leipzig\/index.php?rest_route=\/wp\/v2\/types\/page"}],"author":[{"embeddable":true,"href":"https:\/\/www.sachsen.schule\/~ernst-zinna-schule-leipzig\/index.php?rest_route=\/wp\/v2\/users\/1"}],"replies":[{"embeddable":true,"href":"https:\/\/www.sachsen.schule\/~ernst-zinna-schule-leipzig\/index.php?rest_route=%2Fwp%2Fv2%2Fcomments&post=525"}],"version-history":[{"count":1,"href":"https:\/\/www.sachsen.schule\/~ernst-zinna-schule-leipzig\/index.php?rest_route=\/wp\/v2\/pages\/525\/revisions"}],"predecessor-version":[{"id":526,"href":"https:\/\/www.sachsen.schule\/~ernst-zinna-schule-leipzig\/index.php?rest_route=\/wp\/v2\/pages\/525\/revisions\/526"}],"up":[{"embeddable":true,"href":"https:\/\/www.sachsen.schule\/~ernst-zinna-schule-leipzig\/index.php?rest_route=\/wp\/v2\/pages\/172"}],"wp:attachment":[{"href":"https:\/\/www.sachsen.schule\/~ernst-zinna-schule-leipzig\/index.php?rest_route=%2Fwp%2Fv2%2Fmedia&parent=525"}],"curies":[{"name":"wp","href":"https:\/\/api.w.org\/{rel}","templated":true}]}}