{"id":493,"date":"2021-09-08T07:34:24","date_gmt":"2021-09-08T07:34:24","guid":{"rendered":"http:\/\/www.sachsen.schule\/~ernst-zinna-schule-leipzig\/?page_id=493"},"modified":"2021-09-08T07:34:24","modified_gmt":"2021-09-08T07:34:24","slug":"klasse-2000","status":"publish","type":"page","link":"https:\/\/www.sachsen.schule\/~ernst-zinna-schule-leipzig\/?page_id=493","title":{"rendered":"Klasse 2000"},"content":{"rendered":"\n<p><strong><u>Gesundheitsf\u00f6rderung und Pr\u00e4vention mit Klasse 2000<\/u><\/strong><\/p>\n\n\n\n<h2>Gesund, stark und selbstbewusst \u2013 so sollen Kinder aufwachsen. Dabei unterst\u00fctzt sie Klasse2000, das in Deutschland am weitesten verbreitete Unterrichtsprogramm zur Gesundheitsf\u00f6rderung, Sucht- und Gewaltvorbeugung in der Grundschule. Dieses Programm findet seit einigen Jahren auch in unserer Schule statt.<\/h2>\n\n\n\n<h2>Mit Klasse 2000 und seiner Symbolfigur KLARO erfahren die Kinder, was sie selbst tun k\u00f6nnen, damit es ihnen gut geht und sie sich wohlf\u00fchlen. Fr\u00fchzeitig und kontinuierlich von Klasse 1 bis 4 lernen die Kinder mit Klasse2000 das 1&#215;1 des gesunden Lebens \u2013 aktiv, anschaulich und mit viel Spa\u00df.<\/h2>\n\n\n\n<h2>Lehrkr\u00e4fte und speziell geschulte Gesundheitsf\u00f6rderer gestalten rund 15 Klasse2000-Stunden pro Schuljahr zu den wichtigsten Gesundheits- und Lebenskompetenzen. So entwickeln Kinder Kenntnisse, Haltungen und Fertigkeiten, mit denen sie ihren Alltag so bew\u00e4ltigen k\u00f6nnen, dass sie sich wohlf\u00fchlen und gesund bleiben.&nbsp;<\/h2>\n\n\n\n<h2>Themen im Rahmen des Programmes sind:&nbsp;<\/h2>\n\n\n\n<ul><li>Gesund essen &amp; trinken<\/li><li>Bewegen &amp; entspannen<\/li><li>Sich selbst m\u00f6gen &amp; Freunde haben<\/li><li>Probleme &amp; Konflikte l\u00f6sen<\/li><li>Kritisch denken &amp; Nein sagen<\/li><\/ul>\n\n\n\n<p><\/p>\n","protected":false},"excerpt":{"rendered":"<p>Gesundheitsf\u00f6rderung und Pr\u00e4vention mit Klasse 2000 Gesund, stark und selbstbewusst \u2013 so sollen Kinder aufwachsen. Dabei unterst\u00fctzt sie Klasse2000, das in Deutschland am weitesten verbreitete Unterrichtsprogramm zur Gesundheitsf\u00f6rderung, Sucht- und Gewaltvorbeugung in der Grundschule. Dieses Programm findet seit einigen Jahren &hellip; <a href=\"https:\/\/www.sachsen.schule\/~ernst-zinna-schule-leipzig\/?page_id=493\">Weiterlesen <span class=\"meta-nav\">&rarr;<\/span><\/a><\/p>\n","protected":false},"author":1,"featured_media":0,"parent":187,"menu_order":0,"comment_status":"closed","ping_status":"closed","template":"","meta":[],"_links":{"self":[{"href":"https:\/\/www.sachsen.schule\/~ernst-zinna-schule-leipzig\/index.php?rest_route=\/wp\/v2\/pages\/493"}],"collection":[{"href":"https:\/\/www.sachsen.schule\/~ernst-zinna-schule-leipzig\/index.php?rest_route=\/wp\/v2\/pages"}],"about":[{"href":"https:\/\/www.sachsen.schule\/~ernst-zinna-schule-leipzig\/index.php?rest_route=\/wp\/v2\/types\/page"}],"author":[{"embeddable":true,"href":"https:\/\/www.sachsen.schule\/~ernst-zinna-schule-leipzig\/index.php?rest_route=\/wp\/v2\/users\/1"}],"replies":[{"embeddable":true,"href":"https:\/\/www.sachsen.schule\/~ernst-zinna-schule-leipzig\/index.php?rest_route=%2Fwp%2Fv2%2Fcomments&post=493"}],"version-history":[{"count":1,"href":"https:\/\/www.sachsen.schule\/~ernst-zinna-schule-leipzig\/index.php?rest_route=\/wp\/v2\/pages\/493\/revisions"}],"predecessor-version":[{"id":494,"href":"https:\/\/www.sachsen.schule\/~ernst-zinna-schule-leipzig\/index.php?rest_route=\/wp\/v2\/pages\/493\/revisions\/494"}],"up":[{"embeddable":true,"href":"https:\/\/www.sachsen.schule\/~ernst-zinna-schule-leipzig\/index.php?rest_route=\/wp\/v2\/pages\/187"}],"wp:attachment":[{"href":"https:\/\/www.sachsen.schule\/~ernst-zinna-schule-leipzig\/index.php?rest_route=%2Fwp%2Fv2%2Fmedia&parent=493"}],"curies":[{"name":"wp","href":"https:\/\/api.w.org\/{rel}","templated":true}]}}