{"id":491,"date":"2021-09-08T07:31:44","date_gmt":"2021-09-08T07:31:44","guid":{"rendered":"http:\/\/www.sachsen.schule\/~ernst-zinna-schule-leipzig\/?page_id=491"},"modified":"2021-09-08T07:31:44","modified_gmt":"2021-09-08T07:31:44","slug":"brotzeit-e-v","status":"publish","type":"page","link":"https:\/\/www.sachsen.schule\/~ernst-zinna-schule-leipzig\/?page_id=491","title":{"rendered":"Brotzeit e.V"},"content":{"rendered":"\n<p><em>Der brotZeit e.V. unterst\u00fctzt \u00fcber 220 Schulen in zehn F\u00f6rderregionen. Mehr als 10.000 Kinder erhalten dort jeden Morgen ein ausgewogenes Fr\u00fchst\u00fcck.<\/em><em> <\/em>Auch an unserer Schule erhalten alle Sch\u00fcler ein ausgewogenes Fr\u00fchst\u00fcck und starten motiviert in den Tag. Vorbereitet und betreut wird das Essen von ehrenamtlichen Senioren Das Buffet wird 30 Minuten vor Unterrichtsbeginn in einem Gemeinschaftsraum angeboten. Das Fr\u00fchst\u00fcck ist f\u00fcr alle Sch\u00fcler der Schule zug\u00e4nglich. Selektionen nach Bed\u00fcrftigkeit oder sonstige Auswahlverfahren gibt es nicht und die Teilnahme ist freiwillig.<\/p>\n","protected":false},"excerpt":{"rendered":"<p>Der brotZeit e.V. unterst\u00fctzt \u00fcber 220 Schulen in zehn F\u00f6rderregionen. Mehr als 10.000 Kinder erhalten dort jeden Morgen ein ausgewogenes Fr\u00fchst\u00fcck. Auch an unserer Schule erhalten alle Sch\u00fcler ein ausgewogenes Fr\u00fchst\u00fcck und starten motiviert in den Tag. Vorbereitet und betreut &hellip; <a href=\"https:\/\/www.sachsen.schule\/~ernst-zinna-schule-leipzig\/?page_id=491\">Weiterlesen <span class=\"meta-nav\">&rarr;<\/span><\/a><\/p>\n","protected":false},"author":1,"featured_media":0,"parent":187,"menu_order":0,"comment_status":"closed","ping_status":"closed","template":"","meta":[],"_links":{"self":[{"href":"https:\/\/www.sachsen.schule\/~ernst-zinna-schule-leipzig\/index.php?rest_route=\/wp\/v2\/pages\/491"}],"collection":[{"href":"https:\/\/www.sachsen.schule\/~ernst-zinna-schule-leipzig\/index.php?rest_route=\/wp\/v2\/pages"}],"about":[{"href":"https:\/\/www.sachsen.schule\/~ernst-zinna-schule-leipzig\/index.php?rest_route=\/wp\/v2\/types\/page"}],"author":[{"embeddable":true,"href":"https:\/\/www.sachsen.schule\/~ernst-zinna-schule-leipzig\/index.php?rest_route=\/wp\/v2\/users\/1"}],"replies":[{"embeddable":true,"href":"https:\/\/www.sachsen.schule\/~ernst-zinna-schule-leipzig\/index.php?rest_route=%2Fwp%2Fv2%2Fcomments&post=491"}],"version-history":[{"count":1,"href":"https:\/\/www.sachsen.schule\/~ernst-zinna-schule-leipzig\/index.php?rest_route=\/wp\/v2\/pages\/491\/revisions"}],"predecessor-version":[{"id":492,"href":"https:\/\/www.sachsen.schule\/~ernst-zinna-schule-leipzig\/index.php?rest_route=\/wp\/v2\/pages\/491\/revisions\/492"}],"up":[{"embeddable":true,"href":"https:\/\/www.sachsen.schule\/~ernst-zinna-schule-leipzig\/index.php?rest_route=\/wp\/v2\/pages\/187"}],"wp:attachment":[{"href":"https:\/\/www.sachsen.schule\/~ernst-zinna-schule-leipzig\/index.php?rest_route=%2Fwp%2Fv2%2Fmedia&parent=491"}],"curies":[{"name":"wp","href":"https:\/\/api.w.org\/{rel}","templated":true}]}}