{"id":487,"date":"2021-09-08T07:29:00","date_gmt":"2021-09-08T07:29:00","guid":{"rendered":"http:\/\/www.sachsen.schule\/~ernst-zinna-schule-leipzig\/?page_id=487"},"modified":"2021-09-08T07:29:00","modified_gmt":"2021-09-08T07:29:00","slug":"sucht-und-gewaltpraevention","status":"publish","type":"page","link":"https:\/\/www.sachsen.schule\/~ernst-zinna-schule-leipzig\/?page_id=487","title":{"rendered":"Sucht- und Gewaltpr\u00e4vention"},"content":{"rendered":"\n<p>Suchtpr\u00e4vention und Gewaltpr\u00e4vention sind wichtige Grundlagen unserer Arbeit mit den Sch\u00fclern. Auf diese Problematik wird in gesonderten Konzepten eingegangen (Projekte, Unterricht).<\/p>\n\n\n\n<p>Schwerpunkte sind:<\/p>\n\n\n\n<ul><li>lebenskompetentes Verhalten f\u00f6rdern<\/li><li>Selbstbewusstsein st\u00e4rken<\/li><li>Strategien zur Bew\u00e4ltigung von Konflikten und Belastungssituationen entwickeln<\/li><li>vorhandener Gewaltbereitschaft entgegenwirken<\/li><li>Auf Interessen und Bed\u00fcrfnisse eingehen<\/li><\/ul>\n\n\n\n<p>Die Arbeit bei der Sucht- und Gewaltpr\u00e4vention st\u00fctzt sich auf ein einheitliches Handeln der P\u00e4dagogen in enger Zusammenarbeit mit Eltern und Institutionen.<\/p>\n\n\n\n<p>Projekte der Ernst-Zinna-Schule:<\/p>\n\n\n\n<ul><li>Sch\u00fcler als Streitschlichter unter p\u00e4dagogischer Anleitung<\/li><li>Abbau von Aggressions- und Gewaltproblemen<\/li><\/ul>\n\n\n\n<p>In diesem Zusammenhang vertiefen wir die Zusammenarbeit mit der Polizei unseres Stadtbezirkes und nutzen deren Angebote zur Pr\u00e4vention.<\/p>\n","protected":false},"excerpt":{"rendered":"<p>Suchtpr\u00e4vention und Gewaltpr\u00e4vention sind wichtige Grundlagen unserer Arbeit mit den Sch\u00fclern. Auf diese Problematik wird in gesonderten Konzepten eingegangen (Projekte, Unterricht). Schwerpunkte sind: lebenskompetentes Verhalten f\u00f6rdern Selbstbewusstsein st\u00e4rken Strategien zur Bew\u00e4ltigung von Konflikten und Belastungssituationen entwickeln vorhandener Gewaltbereitschaft entgegenwirken Auf &hellip; <a href=\"https:\/\/www.sachsen.schule\/~ernst-zinna-schule-leipzig\/?page_id=487\">Weiterlesen <span class=\"meta-nav\">&rarr;<\/span><\/a><\/p>\n","protected":false},"author":1,"featured_media":0,"parent":187,"menu_order":0,"comment_status":"closed","ping_status":"closed","template":"","meta":[],"_links":{"self":[{"href":"https:\/\/www.sachsen.schule\/~ernst-zinna-schule-leipzig\/index.php?rest_route=\/wp\/v2\/pages\/487"}],"collection":[{"href":"https:\/\/www.sachsen.schule\/~ernst-zinna-schule-leipzig\/index.php?rest_route=\/wp\/v2\/pages"}],"about":[{"href":"https:\/\/www.sachsen.schule\/~ernst-zinna-schule-leipzig\/index.php?rest_route=\/wp\/v2\/types\/page"}],"author":[{"embeddable":true,"href":"https:\/\/www.sachsen.schule\/~ernst-zinna-schule-leipzig\/index.php?rest_route=\/wp\/v2\/users\/1"}],"replies":[{"embeddable":true,"href":"https:\/\/www.sachsen.schule\/~ernst-zinna-schule-leipzig\/index.php?rest_route=%2Fwp%2Fv2%2Fcomments&post=487"}],"version-history":[{"count":1,"href":"https:\/\/www.sachsen.schule\/~ernst-zinna-schule-leipzig\/index.php?rest_route=\/wp\/v2\/pages\/487\/revisions"}],"predecessor-version":[{"id":488,"href":"https:\/\/www.sachsen.schule\/~ernst-zinna-schule-leipzig\/index.php?rest_route=\/wp\/v2\/pages\/487\/revisions\/488"}],"up":[{"embeddable":true,"href":"https:\/\/www.sachsen.schule\/~ernst-zinna-schule-leipzig\/index.php?rest_route=\/wp\/v2\/pages\/187"}],"wp:attachment":[{"href":"https:\/\/www.sachsen.schule\/~ernst-zinna-schule-leipzig\/index.php?rest_route=%2Fwp%2Fv2%2Fmedia&parent=487"}],"curies":[{"name":"wp","href":"https:\/\/api.w.org\/{rel}","templated":true}]}}