{"id":46,"date":"2011-01-20T16:55:51","date_gmt":"2011-01-20T16:55:51","guid":{"rendered":"http:\/\/www.sn.schule.de\/~ernst-zinna-schule-leipzig\/?page_id=46"},"modified":"2015-03-25T18:03:03","modified_gmt":"2015-03-25T18:03:03","slug":"automatisch-gespeicherter-entwurf-2","status":"publish","type":"page","link":"https:\/\/www.sachsen.schule\/~ernst-zinna-schule-leipzig\/?page_id=46","title":{"rendered":"F\u00f6rderverein"},"content":{"rendered":"<p><em>Wir sind ein gemeinn\u00fctziger Verein, der 1995 von Eltern und Lehrern gegr\u00fcndet wurde.<\/em><\/p>\n<p><em>Wir helfen den Sch\u00fclern der Ernst-Zinna-Schule, indem wir aktiv die Lern-, Freizeit- und Betreuungsbedingungen f\u00fcr sie verbessern.<\/p>\n<p>Wir unterst\u00fctzen die Lehr- und Erziehungsarbeit unter besonderer Beachtung progressiver Methoden auch \u00fcber den Rahmen der Schule hinaus.<\/p>\n<p>Wir halten Kontakt zu regionalen und \u00fcberregionalen Organisationen, sind Mitglied im Landes- und Bundesverband &#8222;Lernen-F\u00f6rdern&#8220; und versuchen gemeinsam mit anderen Gleichgesinnten, auch politisch etwas zu bewegen.<\/p>\n<p><\/em><\/p>\n<p><em>Wir wollen durch \u00d6ffentlichkeitsarbeit eine breite Unterst\u00fctzung erhalten und helfen, Vorurteile gegen\u00fcber F\u00f6rdersch\u00fclern abzubauen.<\/em><\/p>\n<p>Adresse:<br \/>\n<strong>Verein zur F\u00f6rderung lernbehinderter Kinder der Ernst-Zinna-Schule Leipzig e.V.<\/strong><br \/>\nWincklerstra\u00dfe 3\/5<br \/>\n04279 Leipzig<\/p>\n<p>Spendenkonto:<br \/>\nKonto: 1100493480 |\u00a0BLZ: 86055592 Sparkasse Leipzig<\/p>\n<p>IBAN: DE73860555921100493480 | BIC: WELADE8LXXX<\/p>\n","protected":false},"excerpt":{"rendered":"<p>Wir sind ein gemeinn\u00fctziger Verein, der 1995 von Eltern und Lehrern gegr\u00fcndet wurde. Wir helfen den Sch\u00fclern der Ernst-Zinna-Schule, indem wir aktiv die Lern-, Freizeit- und Betreuungsbedingungen f\u00fcr sie verbessern. Wir unterst\u00fctzen die Lehr- und Erziehungsarbeit unter besonderer Beachtung progressiver &hellip; <a href=\"https:\/\/www.sachsen.schule\/~ernst-zinna-schule-leipzig\/?page_id=46\">Weiterlesen <span class=\"meta-nav\">&rarr;<\/span><\/a><\/p>\n","protected":false},"author":1,"featured_media":0,"parent":0,"menu_order":7,"comment_status":"closed","ping_status":"closed","template":"onecolumn-page.php","meta":[],"_links":{"self":[{"href":"https:\/\/www.sachsen.schule\/~ernst-zinna-schule-leipzig\/index.php?rest_route=\/wp\/v2\/pages\/46"}],"collection":[{"href":"https:\/\/www.sachsen.schule\/~ernst-zinna-schule-leipzig\/index.php?rest_route=\/wp\/v2\/pages"}],"about":[{"href":"https:\/\/www.sachsen.schule\/~ernst-zinna-schule-leipzig\/index.php?rest_route=\/wp\/v2\/types\/page"}],"author":[{"embeddable":true,"href":"https:\/\/www.sachsen.schule\/~ernst-zinna-schule-leipzig\/index.php?rest_route=\/wp\/v2\/users\/1"}],"replies":[{"embeddable":true,"href":"https:\/\/www.sachsen.schule\/~ernst-zinna-schule-leipzig\/index.php?rest_route=%2Fwp%2Fv2%2Fcomments&post=46"}],"version-history":[{"count":12,"href":"https:\/\/www.sachsen.schule\/~ernst-zinna-schule-leipzig\/index.php?rest_route=\/wp\/v2\/pages\/46\/revisions"}],"predecessor-version":[{"id":256,"href":"https:\/\/www.sachsen.schule\/~ernst-zinna-schule-leipzig\/index.php?rest_route=\/wp\/v2\/pages\/46\/revisions\/256"}],"wp:attachment":[{"href":"https:\/\/www.sachsen.schule\/~ernst-zinna-schule-leipzig\/index.php?rest_route=%2Fwp%2Fv2%2Fmedia&parent=46"}],"curies":[{"name":"wp","href":"https:\/\/api.w.org\/{rel}","templated":true}]}}