{"id":319,"date":"2017-09-19T05:41:19","date_gmt":"2017-09-19T05:41:19","guid":{"rendered":"http:\/\/www.sn.schule.de\/~ernst-zinna-schule-leipzig\/?page_id=319"},"modified":"2018-09-19T11:16:12","modified_gmt":"2018-09-19T11:16:12","slug":"kooperation-mit-bta","status":"publish","type":"page","link":"https:\/\/www.sachsen.schule\/~ernst-zinna-schule-leipzig\/?page_id=319","title":{"rendered":"Betreuungsangebot"},"content":{"rendered":"<p><strong>Kooperationsvereinbarung<\/strong><\/p>\n<p>zwischen<\/p>\n<p>Betreuungsangebot \u00a0\u00a0\u00a0\u00a0\u00a0\u00a0\u00a0\u00a0 und der\u00a0\u00a0\u00a0\u00a0\u00a0\u00a0\u00a0\u00a0\u00a0\u00a0\u00a0 Ernst-Zinna-Schule<\/p>\n<p>Wincklerstra\u00dfe 3-5\u00a0\u00a0\u00a0\u00a0\u00a0\u00a0\u00a0\u00a0\u00a0\u00a0\u00a0\u00a0\u00a0\u00a0\u00a0\u00a0\u00a0\u00a0\u00a0\u00a0\u00a0\u00a0\u00a0\u00a0\u00a0\u00a0\u00a0\u00a0\u00a0\u00a0\u00a0\u00a0\u00a0\u00a0\u00a0 Schule zur Lernf\u00f6rderung<\/p>\n<p>04279 Leipzig\u00a0\u00a0\u00a0\u00a0\u00a0\u00a0\u00a0\u00a0\u00a0\u00a0\u00a0\u00a0\u00a0\u00a0\u00a0\u00a0\u00a0\u00a0\u00a0\u00a0\u00a0\u00a0\u00a0\u00a0\u00a0\u00a0\u00a0\u00a0\u00a0\u00a0\u00a0\u00a0\u00a0\u00a0\u00a0\u00a0\u00a0\u00a0\u00a0\u00a0\u00a0\u00a0\u00a0\u00a0\u00a0 Wincklerstra\u00dfe 3-5<\/p>\n<p>04279 Leipzig<\/p>\n<p>&nbsp;<\/p>\n<p>des Tr\u00e4gers der\u00a0\u00a0\u00a0\u00a0\u00a0\u00a0\u00a0\u00a0\u00a0\u00a0\u00a0\u00a0\u00a0\u00a0\u00a0\u00a0\u00a0\u00a0\u00a0\u00a0\u00a0\u00a0\u00a0\u00a0\u00a0\u00a0\u00a0\u00a0\u00a0\u00a0\u00a0\u00a0\u00a0\u00a0\u00a0\u00a0\u00a0\u00a0\u00a0\u00a0\u00a0\u00a0\u00a0\u00a0 vertreten<\/p>\n<p>Stadt Leipzig\u00a0\u00a0\u00a0\u00a0\u00a0\u00a0\u00a0\u00a0\u00a0\u00a0\u00a0\u00a0\u00a0\u00a0\u00a0\u00a0\u00a0\u00a0\u00a0\u00a0\u00a0\u00a0\u00a0\u00a0\u00a0\u00a0\u00a0\u00a0\u00a0\u00a0\u00a0\u00a0\u00a0\u00a0\u00a0\u00a0\u00a0\u00a0\u00a0\u00a0\u00a0\u00a0\u00a0\u00a0\u00a0\u00a0\u00a0\u00a0\u00a0 durch die F\u00f6rderschulrektorin<\/p>\n<p>Vertreten durch die \u00a0\u00a0\u00a0\u00a0\u00a0\u00a0\u00a0\u00a0\u00a0\u00a0\u00a0\u00a0\u00a0\u00a0\u00a0\u00a0\u00a0\u00a0\u00a0\u00a0\u00a0\u00a0\u00a0\u00a0\u00a0\u00a0\u00a0\u00a0\u00a0\u00a0\u00a0\u00a0\u00a0\u00a0\u00a0\u00a0 Frau P. Heinze<\/p>\n<p>Leiterin des Betreuungsangebotes,<\/p>\n<p>Frau W. Havel<\/p>\n<p>&nbsp;<\/p>\n<p>Wird gem. \u00a7 3, (2) der Verordnung des S\u00e4chsischen Staatsministeriums f\u00fcr Kultus \u00fcber Zuweisungen an allgemeinbildende Schulen mit Ganztagsangeboten (S\u00e4chsische Ganztagsangebotsverordnung \u2013 S\u00e4chsGTAVO) vom 17.01.2017 folgende Kooperationsvereinbarung geschlossen.<\/p>\n<p><strong>\u00a0<\/strong><\/p>\n<ol>\n<li><strong> Gemeinsame Grundpositionen zur Bildung als Voraussetzung der Kooperatio <\/strong><\/li>\n<\/ol>\n<p>Basis der Zusammenarbeit sind die Lehrpl\u00e4ne des Freistaates Sachsen f\u00fcr Schulen zur Lernf\u00f6rderung, der S\u00e4chsische Bildungsplan sowie die F\u00f6rderrichtlinie zur Durchf\u00fchrung von Ganztagsangeboten.<\/p>\n<p>Das Schulprogramm und die Konzeption des Betreuungsangebotes sind schulinterne Grundlagen der Zusammenarbeit.<\/p>\n<p>Die Leitbilder der beiden Einrichtungen:<\/p>\n<p>\u201eMiteinander \u2013 f\u00fcreinander, so handeln wir!\u201c<\/p>\n<p>\u201eFair Play miteinander!\u201c<\/p>\n<p>Verdeutlichen grundlegende Zielstellungen der Zusammenarbeit.<\/p>\n<p>&nbsp;<\/p>\n<p>Als besonders zu beachtende Voraussetzungen sehen beide Vertragspartner:<\/p>\n<p>&#8211; die sehr unterschiedlichen sozialen Lebenssituationen der Sch\u00fcler<\/p>\n<p>&#8211; die Besonderheiten des Lern-, Leistungs- und Sozialverhaltens von Sch\u00fclern mit dem<\/p>\n<p>F\u00f6rderschwerpunkt Lernen.<\/p>\n<p>&nbsp;<\/p>\n<ol start=\"2\">\n<li><strong> Gemeinsame p\u00e4dagogische Ziele<\/strong><\/li>\n<\/ol>\n<p>F\u00f6rderung, Begleitung und Unterst\u00fctzung von Bildungs- und Erziehungsprozessen unter Einbeziehung der Sch\u00fcler, Eltern und Kooperationspartner innerhalb und au\u00dferhalb der Schule.<\/p>\n<p>Gemeinsames Normen- und Werteverst\u00e4ndnis ausbilden, welches die Partizipation und Empowerment einschlie\u00dft.<\/p>\n<p>Entwicklung notwendiger Kompetenzen mit der Zielstellung einer selbstverantwortlichen Lebensf\u00fchrung.<\/p>\n<p><strong>\u00a0\u00a0\u00a0\u00a0\u00a0\u00a0\u00a0\u00a0\u00a0\u00a0\u00a0\u00a0\u00a0\u00a0\u00a0\u00a0\u00a0\u00a0\u00a0\u00a0\u00a0\u00a0\u00a0\u00a0\u00a0\u00a0\u00a0\u00a0\u00a0\u00a0\u00a0\u00a0\u00a0\u00a0\u00a0\u00a0\u00a0\u00a0\u00a0\u00a0\u00a0\u00a0\u00a0\u00a0\u00a0\u00a0 \u00a0\u00a0\u00a0\u00a0\u00a0\u00a0\u00a0\u00a0\u00a0\u00a0\u00a0\u00a0\u00a0\u00a0\u00a0\u00a0\u00a0\u00a0\u00a0\u00a0\u00a0\u00a0\u00a0\u00a0\u00a0\u00a0\u00a0\u00a0\u00a0\u00a0\u00a0\u00a0\u00a0\u00a0\u00a0\u00a0\u00a0\u00a0\u00a0\u00a0\u00a0\u00a0\u00a0\u00a0\u00a0\u00a0 <\/strong><\/p>\n<ol start=\"3\">\n<li><strong> Festlegungen von Aufgaben und Verantwortlichkeiten im ganzt\u00e4gig strukturierten Schulalltag<\/strong><\/li>\n<\/ol>\n<table>\n<tbody>\n<tr>\n<td width=\"149\">Aufgaben\/Angebot<\/td>\n<td colspan=\"2\" width=\"236\">P\u00e4dagogische Ziele<\/td>\n<td width=\"95\">Verantw.<\/td>\n<td width=\"134\">Zeit und Raum<\/td>\n<\/tr>\n<tr>\n<td colspan=\"2\" width=\"153\">Entspannungstechniken<\/td>\n<td width=\"232\">gesunder Wechsel von An- und Entspannung<\/p>\n<p>F\u00f6rderung der Konzentration, Stressabbau, Verhaltensregulierung<\/td>\n<td width=\"95\">W. Havel<\/td>\n<td width=\"134\">Fr., 8.00-10.00 Uhr<\/p>\n<p>215 und 222<\/td>\n<\/tr>\n<tr>\n<td colspan=\"2\" width=\"153\">Fahrradwerkstatt<\/td>\n<td width=\"232\">technisches Verst\u00e4ndnis, Wissensvermittlung<\/td>\n<td width=\"95\">H. Riedel<\/td>\n<td width=\"134\">Die., 14.00-15.30 Uhr<\/p>\n<p>Keller<\/td>\n<\/tr>\n<tr>\n<td colspan=\"2\" width=\"153\">Tanzen \/ Salza<\/td>\n<td width=\"232\">Spa\u00df an der Bewegung, F\u00f6rderung der Rhythmisierungsf\u00e4higkeit<\/td>\n<td width=\"95\">M.A .Perez Bay<\/td>\n<td width=\"134\">Do., 14.00-15.00 Uhr<\/p>\n<p>Erdgeschoss<\/td>\n<\/tr>\n<tr>\n<td colspan=\"2\" width=\"153\">Keramik<\/td>\n<td width=\"232\">Ausbilden von feinmotorischen F\u00e4higkeiten<\/td>\n<td width=\"95\">F. Nietner<\/td>\n<td width=\"134\">Mo., 12.30-15.30 Uhr<\/p>\n<p>Keller<\/td>\n<\/tr>\n<tr>\n<td colspan=\"2\" width=\"153\">Unsere Schule soll sch\u00f6ner werden<\/td>\n<td width=\"232\">Ausbildung \u00e4sthetischer F\u00e4higkeiten<\/td>\n<td width=\"95\">G. Schmitt<\/td>\n<td width=\"134\">Mo., 14.10-15.10 Uhr<\/p>\n<p>Keller<\/td>\n<\/tr>\n<tr>\n<td colspan=\"2\" width=\"153\">Tischtennis<\/td>\n<td width=\"232\">Lernen der Spielregeln, Freude am Bewegungsspiel f\u00f6rdern<\/td>\n<td width=\"95\">G. Schmitt<\/td>\n<td width=\"134\">Die., 14.00-15.00 Uhr<\/p>\n<p>Keller<\/td>\n<\/tr>\n<tr>\n<td colspan=\"2\" width=\"153\">Orientalischer Tanz<\/td>\n<td width=\"232\">Bekanntmachen mit anderen Kulturen, Heranf\u00fchren an Rhythmik und Motorik<\/td>\n<td width=\"95\">J. Schmitt<\/td>\n<td width=\"134\">Die., 14.00-15.00 Uhr<\/p>\n<p>Aula<\/td>\n<\/tr>\n<tr>\n<td colspan=\"2\" width=\"153\">Pausenversorgung \/ gesunde Ern\u00e4hrung<\/td>\n<td width=\"232\">Umgang und Handhabung von K\u00fcchenutensilien, selbst\u00e4ndiges Kochen und Backen<\/td>\n<td width=\"95\">H. Schlegel<\/td>\n<td width=\"134\">Fr., 8.35-9.35 Uhr<\/p>\n<p>Hauswirtschaftsk\u00fcche Keller<\/td>\n<\/tr>\n<tr>\n<td colspan=\"2\" width=\"153\">Lesezirkel<\/td>\n<td width=\"232\">F\u00f6rderung von Lesekompetenzen<\/td>\n<td width=\"95\">I. Kleim<\/td>\n<td width=\"134\">Mo., 13.00-15.00 Uhr<\/p>\n<p>006<\/td>\n<\/tr>\n<tr>\n<td colspan=\"2\" width=\"153\">Holzwerkstatt<\/td>\n<td width=\"232\">Ausbildung handwerklicher F\u00e4higkeiten sowie Wissensvermittlung \u00fcber Umgang mit Werkzeug und verschiedenen Werkstoffen<\/td>\n<td width=\"95\">R. Gohlke<\/td>\n<td width=\"134\">Die., 14.00-15.00 Uhr<\/p>\n<p>Keller<\/td>\n<\/tr>\n<tr>\n<td colspan=\"2\" width=\"153\">Umwelterziehung \/ \u00d6kologie<\/td>\n<td width=\"232\">Umgang mit Naturmaterialien und Wissensvermittlung zur Umwelt<\/td>\n<td width=\"95\">U. Grauwinkel<\/td>\n<td width=\"134\">Mi., 13.30-15.30 Uhr<\/p>\n<p>Betreuungsangebot<\/td>\n<\/tr>\n<tr>\n<td colspan=\"2\" width=\"153\">Wir machen Musik<\/td>\n<td width=\"232\">Ausbildung Rhythmisierungsf\u00e4higkeit, Hand-Auge-Koordination, Freude am Musizieren in der Gruppe \u2192 soziale F\u00e4higkeiten<\/td>\n<td width=\"95\">Th. Elflein<\/td>\n<td width=\"134\">Mo., 14.00-15.00 Uhr<\/p>\n<p>Aula<\/td>\n<\/tr>\n<tr>\n<td width=\"149\"><\/td>\n<td width=\"4\"><\/td>\n<td width=\"232\"><\/td>\n<td width=\"95\"><\/td>\n<td width=\"135\"><\/td>\n<\/tr>\n<\/tbody>\n<\/table>\n<ol start=\"4\">\n<li><strong> Gemeinsame Kooperationsvorhaben<\/strong><\/li>\n<\/ol>\n<p>&#8211; Mitwirkung des BTA in der GTA-Steuergruppe; regelm\u00e4\u00dfige Absprachen<\/p>\n<p>&#8211; 1 x j\u00e4hrlich gemeinsame Dienstberatung von Schule und BTA<\/p>\n<p>&#8211; 1 x j\u00e4hrlich gemeinsamer thematischer Elternabend (Lehrer-Erzieher-Eltern)<\/p>\n<p>&#8211; regelm\u00e4\u00dfige Absprachen zwischen Schul- und BTA-Leitung<\/p>\n<p>&#8211; gemeinsame Entwicklungsgespr\u00e4che zwischen Erziehern\/Lehrern und Eltern<\/p>\n<p>&#8211; Erzieherinnen des BTA legen die Grundlage (Fair-trauenssch\u00fcler) f\u00fcr die Ausbildung der<\/p>\n<p>Streitschlichter ab Klasse 6 im Schulalltag<\/p>\n<p>&#8211; individuelle Absprachen (Hausaufgabenerledigung, Elterngespr\u00e4che, Zusammenarbeit mit dem ASD und der Sozialarbeiterin, Frau Korth)<\/p>\n<p>&#8211; gemeinsames Nutzen von Fachunterrichtsr\u00e4umen (Hauswirtschaftsk\u00fcche, Inforaum,<\/p>\n<p>Turnhalle, Aula, Snoezelzimmer) nach Absprachen<\/p>\n<p>&#8211; Fu\u00dfballangebot durch BTA (Teilnahme aller interessierten Sch\u00fcler der Schule)<\/p>\n<p><strong>\u00a0\u00a0\u00a0\u00a0\u00a0\u00a0\u00a0\u00a0\u00a0\u00a0\u00a0\u00a0\u00a0\u00a0\u00a0\u00a0\u00a0\u00a0\u00a0\u00a0\u00a0\u00a0\u00a0\u00a0\u00a0\u00a0\u00a0\u00a0\u00a0\u00a0\u00a0\u00a0\u00a0\u00a0\u00a0\u00a0\u00a0\u00a0\u00a0\u00a0\u00a0\u00a0\u00a0\u00a0\u00a0\u00a0\u00a0\u00a0\u00a0\u00a0\u00a0\u00a0\u00a0\u00a0\u00a0\u00a0\u00a0\u00a0\u00a0\u00a0\u00a0\u00a0\u00a0\u00a0\u00a0\u00a0\u00a0\u00a0\u00a0\u00a0\u00a0\u00a0\u00a0\u00a0\u00a0\u00a0\u00a0\u00a0\u00a0\u00a0\u00a0\u00a0\u00a0\u00a0\u00a0\u00a0\u00a0\u00a0\u00a0\u00a0\u00a0\u00a0\u00a0\u00a0\u00a0\u00a0 <\/strong><\/p>\n<ol start=\"5\">\n<li><strong> Reflexion und Evaluation der gemeinsamen Arbeit<\/strong><\/li>\n<\/ol>\n<p>&#8211; gemeinsame Evaluation der Zielstellungen in Zusammenarbeit mit den Kooperationspartnern<\/p>\n<p>&#8211; zielad\u00e4quater Einsatz der finanziellen Mittel<\/p>\n<p>&#8211; Erfahrungsaustausch zwischen BTA, Schule und den Leitern der Angebote<\/p>\n<p>(Wahrnehmung der Angebote, Organisation, Zufriedenheit \u2026)<\/p>\n<p>&nbsp;<\/p>\n<ol start=\"6\">\n<li><strong> Dauer der Kooperationsvereinbarung<\/strong><\/li>\n<\/ol>\n<p><strong>\u00a0<\/strong>01.08.2017 \u2013 31.07.2019<\/p>\n","protected":false},"excerpt":{"rendered":"<p>Kooperationsvereinbarung zwischen Betreuungsangebot \u00a0\u00a0\u00a0\u00a0\u00a0\u00a0\u00a0\u00a0 und der\u00a0\u00a0\u00a0\u00a0\u00a0\u00a0\u00a0\u00a0\u00a0\u00a0\u00a0 Ernst-Zinna-Schule Wincklerstra\u00dfe 3-5\u00a0\u00a0\u00a0\u00a0\u00a0\u00a0\u00a0\u00a0\u00a0\u00a0\u00a0\u00a0\u00a0\u00a0\u00a0\u00a0\u00a0\u00a0\u00a0\u00a0\u00a0\u00a0\u00a0\u00a0\u00a0\u00a0\u00a0\u00a0\u00a0\u00a0\u00a0\u00a0\u00a0\u00a0\u00a0 Schule zur Lernf\u00f6rderung 04279 Leipzig\u00a0\u00a0\u00a0\u00a0\u00a0\u00a0\u00a0\u00a0\u00a0\u00a0\u00a0\u00a0\u00a0\u00a0\u00a0\u00a0\u00a0\u00a0\u00a0\u00a0\u00a0\u00a0\u00a0\u00a0\u00a0\u00a0\u00a0\u00a0\u00a0\u00a0\u00a0\u00a0\u00a0\u00a0\u00a0\u00a0\u00a0\u00a0\u00a0\u00a0\u00a0\u00a0\u00a0\u00a0\u00a0 Wincklerstra\u00dfe 3-5 04279 Leipzig &nbsp; des Tr\u00e4gers der\u00a0\u00a0\u00a0\u00a0\u00a0\u00a0\u00a0\u00a0\u00a0\u00a0\u00a0\u00a0\u00a0\u00a0\u00a0\u00a0\u00a0\u00a0\u00a0\u00a0\u00a0\u00a0\u00a0\u00a0\u00a0\u00a0\u00a0\u00a0\u00a0\u00a0\u00a0\u00a0\u00a0\u00a0\u00a0\u00a0\u00a0\u00a0\u00a0\u00a0\u00a0\u00a0\u00a0\u00a0 vertreten Stadt Leipzig\u00a0\u00a0\u00a0\u00a0\u00a0\u00a0\u00a0\u00a0\u00a0\u00a0\u00a0\u00a0\u00a0\u00a0\u00a0\u00a0\u00a0\u00a0\u00a0\u00a0\u00a0\u00a0\u00a0\u00a0\u00a0\u00a0\u00a0\u00a0\u00a0\u00a0\u00a0\u00a0\u00a0\u00a0\u00a0\u00a0\u00a0\u00a0\u00a0\u00a0\u00a0\u00a0\u00a0\u00a0\u00a0\u00a0\u00a0\u00a0\u00a0 durch die F\u00f6rderschulrektorin Vertreten durch die \u00a0\u00a0\u00a0\u00a0\u00a0\u00a0\u00a0\u00a0\u00a0\u00a0\u00a0\u00a0\u00a0\u00a0\u00a0\u00a0\u00a0\u00a0\u00a0\u00a0\u00a0\u00a0\u00a0\u00a0\u00a0\u00a0\u00a0\u00a0\u00a0\u00a0\u00a0\u00a0\u00a0\u00a0\u00a0\u00a0 Frau P. Heinze Leiterin des Betreuungsangebotes, Frau W. &hellip; <a href=\"https:\/\/www.sachsen.schule\/~ernst-zinna-schule-leipzig\/?page_id=319\">Weiterlesen <span class=\"meta-nav\">&rarr;<\/span><\/a><\/p>\n","protected":false},"author":1,"featured_media":0,"parent":187,"menu_order":0,"comment_status":"closed","ping_status":"closed","template":"onecolumn-page.php","meta":[],"_links":{"self":[{"href":"https:\/\/www.sachsen.schule\/~ernst-zinna-schule-leipzig\/index.php?rest_route=\/wp\/v2\/pages\/319"}],"collection":[{"href":"https:\/\/www.sachsen.schule\/~ernst-zinna-schule-leipzig\/index.php?rest_route=\/wp\/v2\/pages"}],"about":[{"href":"https:\/\/www.sachsen.schule\/~ernst-zinna-schule-leipzig\/index.php?rest_route=\/wp\/v2\/types\/page"}],"author":[{"embeddable":true,"href":"https:\/\/www.sachsen.schule\/~ernst-zinna-schule-leipzig\/index.php?rest_route=\/wp\/v2\/users\/1"}],"replies":[{"embeddable":true,"href":"https:\/\/www.sachsen.schule\/~ernst-zinna-schule-leipzig\/index.php?rest_route=%2Fwp%2Fv2%2Fcomments&post=319"}],"version-history":[{"count":4,"href":"https:\/\/www.sachsen.schule\/~ernst-zinna-schule-leipzig\/index.php?rest_route=\/wp\/v2\/pages\/319\/revisions"}],"predecessor-version":[{"id":324,"href":"https:\/\/www.sachsen.schule\/~ernst-zinna-schule-leipzig\/index.php?rest_route=\/wp\/v2\/pages\/319\/revisions\/324"}],"up":[{"embeddable":true,"href":"https:\/\/www.sachsen.schule\/~ernst-zinna-schule-leipzig\/index.php?rest_route=\/wp\/v2\/pages\/187"}],"wp:attachment":[{"href":"https:\/\/www.sachsen.schule\/~ernst-zinna-schule-leipzig\/index.php?rest_route=%2Fwp%2Fv2%2Fmedia&parent=319"}],"curies":[{"name":"wp","href":"https:\/\/api.w.org\/{rel}","templated":true}]}}