{"id":206,"date":"2014-07-04T07:10:41","date_gmt":"2014-07-04T07:10:41","guid":{"rendered":"http:\/\/www.sn.schule.de\/~ernst-zinna-schule-leipzig\/?page_id=206"},"modified":"2018-09-19T11:15:28","modified_gmt":"2018-09-19T11:15:28","slug":"8-grundschule-leipzig","status":"publish","type":"page","link":"https:\/\/www.sachsen.schule\/~ernst-zinna-schule-leipzig\/?page_id=206","title":{"rendered":"8. Grundschule, Leipzig"},"content":{"rendered":"<p>Im Rahmen der Kooperationsvereinbarungen zwischen 8.Grundschule und Schule zur Lernf\u00f6rderung Ernst Zinna wurde ein Baustein\u00a0 zur gemeinsamen Arbeit festgelegt, der im Folgenden als <strong>Lernwerkstatt <\/strong>benannt wird. Dem gro\u00dfen Vorsatz der kooperativen Zusammenarbeit zwischen Grundschule und F\u00f6rderschule folgend ist das gemeinsame Lernen zwischen F\u00f6rdersch\u00fclern und Grundsch\u00fclern in einem besonderen Rahmen das wichtigste <strong>Ziel <\/strong>der Lernwerkstatt.<strong> Schwerpunkte<\/strong> in der Arbeit mit den Kindern der Grund- und F\u00f6rderschule soll spielerisch, der soziale Kontakt zwischen den Beteiligten sein. Nicht die Unterschiede im Leistungsniveau der Sch\u00fcler, sondern die individuellen Besonderheiten, die St\u00e4rken der Kinder stehen im Vordergrund. Die Lernwerkstatt l\u00e4uft methodisch in <strong>offener, projektorientierter Form.<\/strong> Das Gemeinsame, das Miteinander der Kinder, ist dem inhaltlichen der Aufgaben \u00fcbergeordnet. In den gemeinsamen Stunden stehen konkrete Ziele im Blickfeld, wie die Erarbeitung eines Theaterst\u00fcckes, eines Kunstwerkes, eines Tanzes oder Musikst\u00fcckes. Die Inhalte und Themen sollen beiden Gruppen Entwicklungsm\u00f6glichkeiten bieten und m\u00f6glichst gemeinsam ausgew\u00e4hlt werden.<\/p>\n","protected":false},"excerpt":{"rendered":"<p>Im Rahmen der Kooperationsvereinbarungen zwischen 8.Grundschule und Schule zur Lernf\u00f6rderung Ernst Zinna wurde ein Baustein\u00a0 zur gemeinsamen Arbeit festgelegt, der im Folgenden als Lernwerkstatt benannt wird. Dem gro\u00dfen Vorsatz der kooperativen Zusammenarbeit zwischen Grundschule und F\u00f6rderschule folgend ist das gemeinsame &hellip; <a href=\"https:\/\/www.sachsen.schule\/~ernst-zinna-schule-leipzig\/?page_id=206\">Weiterlesen <span class=\"meta-nav\">&rarr;<\/span><\/a><\/p>\n","protected":false},"author":1,"featured_media":0,"parent":187,"menu_order":0,"comment_status":"closed","ping_status":"closed","template":"onecolumn-page.php","meta":[],"_links":{"self":[{"href":"https:\/\/www.sachsen.schule\/~ernst-zinna-schule-leipzig\/index.php?rest_route=\/wp\/v2\/pages\/206"}],"collection":[{"href":"https:\/\/www.sachsen.schule\/~ernst-zinna-schule-leipzig\/index.php?rest_route=\/wp\/v2\/pages"}],"about":[{"href":"https:\/\/www.sachsen.schule\/~ernst-zinna-schule-leipzig\/index.php?rest_route=\/wp\/v2\/types\/page"}],"author":[{"embeddable":true,"href":"https:\/\/www.sachsen.schule\/~ernst-zinna-schule-leipzig\/index.php?rest_route=\/wp\/v2\/users\/1"}],"replies":[{"embeddable":true,"href":"https:\/\/www.sachsen.schule\/~ernst-zinna-schule-leipzig\/index.php?rest_route=%2Fwp%2Fv2%2Fcomments&post=206"}],"version-history":[{"count":2,"href":"https:\/\/www.sachsen.schule\/~ernst-zinna-schule-leipzig\/index.php?rest_route=\/wp\/v2\/pages\/206\/revisions"}],"predecessor-version":[{"id":208,"href":"https:\/\/www.sachsen.schule\/~ernst-zinna-schule-leipzig\/index.php?rest_route=\/wp\/v2\/pages\/206\/revisions\/208"}],"up":[{"embeddable":true,"href":"https:\/\/www.sachsen.schule\/~ernst-zinna-schule-leipzig\/index.php?rest_route=\/wp\/v2\/pages\/187"}],"wp:attachment":[{"href":"https:\/\/www.sachsen.schule\/~ernst-zinna-schule-leipzig\/index.php?rest_route=%2Fwp%2Fv2%2Fmedia&parent=206"}],"curies":[{"name":"wp","href":"https:\/\/api.w.org\/{rel}","templated":true}]}}